Last updated on 2025-05-03 21:51:32 CEST.
Flavor | Version | Tinstall | Tcheck | Ttotal | Status | Flags |
---|---|---|---|---|---|---|
r-devel-linux-x86_64-debian-clang | 0.2.0 | 14.80 | 30.95 | 45.75 | NOTE | |
r-devel-linux-x86_64-debian-gcc | 0.2.0 | 10.60 | 25.55 | 36.15 | NOTE | |
r-devel-linux-x86_64-fedora-clang | 0.2.0 | 85.07 | NOTE | |||
r-devel-linux-x86_64-fedora-gcc | 0.2.0 | 98.64 | NOTE | |||
r-devel-windows-x86_64 | 0.2.0 | 19.00 | 68.00 | 87.00 | NOTE | |
r-patched-linux-x86_64 | 0.2.0 | 15.70 | 28.67 | 44.37 | NOTE | |
r-release-linux-x86_64 | NOTE | |||||
r-release-macos-arm64 | 0.2.0 | 32.00 | NOTE | |||
r-release-macos-x86_64 | 0.2.0 | 86.00 | NOTE | |||
r-release-windows-x86_64 | 0.2.0 | 21.00 | 66.00 | 87.00 | NOTE | |
r-oldrel-macos-arm64 | 0.2.0 | 33.00 | NOTE | |||
r-oldrel-macos-x86_64 | 0.2.0 | 44.00 | NOTE | |||
r-oldrel-windows-x86_64 | 0.2.0 | 22.00 | 84.00 | 106.00 | NOTE |
Version: 0.2.0
Check: C++ specification
Result: NOTE
Specified C++11: please drop specification unless essential
Flavors: r-devel-linux-x86_64-debian-clang, r-devel-linux-x86_64-debian-gcc, r-devel-linux-x86_64-fedora-clang, r-devel-linux-x86_64-fedora-gcc, r-devel-windows-x86_64, r-patched-linux-x86_64, r-release-linux-x86_64, r-release-macos-arm64, r-release-macos-x86_64, r-release-windows-x86_64, r-oldrel-macos-arm64, r-oldrel-macos-x86_64, r-oldrel-windows-x86_64
Version: 0.2.0
Check: compiled code
Result: NOTE
File ‘semver/libs/semver.so’:
Found no calls to: ‘R_registerRoutines’, ‘R_useDynamicSymbols’
It is good practice to register native routines and to disable symbol
search.
See ‘Writing portable packages’ in the ‘Writing R Extensions’ manual.
Flavors: r-devel-linux-x86_64-fedora-clang, r-devel-linux-x86_64-fedora-gcc
Version: 0.2.0
Check: LazyData
Result: NOTE
'LazyData' is specified without a 'data' directory
Flavors: r-oldrel-macos-arm64, r-oldrel-macos-x86_64, r-oldrel-windows-x86_64