Last updated on 2025-05-03 21:51:32 CEST.
Flavor | Version | Tinstall | Tcheck | Ttotal | Status | Flags |
---|---|---|---|---|---|---|
r-devel-linux-x86_64-debian-clang | 1.1.5 | 23.29 | 76.02 | 99.31 | NOTE | |
r-devel-linux-x86_64-debian-gcc | 1.1.5 | 14.76 | 55.26 | 70.02 | NOTE | |
r-devel-linux-x86_64-fedora-clang | 1.1.5 | 157.98 | OK | |||
r-devel-linux-x86_64-fedora-gcc | 1.1.5 | 179.39 | OK | |||
r-devel-windows-x86_64 | 1.1.5 | 29.00 | 118.00 | 147.00 | NOTE | |
r-patched-linux-x86_64 | 1.1.5 | 21.65 | 72.68 | 94.33 | NOTE | |
r-release-linux-x86_64 | NOTE | |||||
r-release-macos-arm64 | 1.1.5 | 49.00 | OK | |||
r-release-macos-x86_64 | 1.1.5 | 95.00 | OK | |||
r-release-windows-x86_64 | 1.1.5 | 29.00 | 113.00 | 142.00 | NOTE | |
r-oldrel-macos-arm64 | 1.1.5 | 47.00 | OK | |||
r-oldrel-macos-x86_64 | 1.1.5 | 75.00 | OK | |||
r-oldrel-windows-x86_64 | 1.1.5 | 34.00 | 147.00 | 181.00 | OK |
Version: 1.1.5
Check: Rd cross-references
Result: NOTE
Found the following Rd file(s) with Rd \link{} targets missing package
anchors:
sobol_dummy.Rd: boot
sobol_indices.Rd: boot
sobol_matrices.Rd: sobol, randomLHS
sobol_ode.Rd: ode
vars_matrices.Rd: sobol
Please provide package anchors for all Rd \link{} targets not in the
package itself and the base packages.
Flavors: r-devel-linux-x86_64-debian-clang, r-devel-linux-x86_64-debian-gcc, r-devel-windows-x86_64, r-patched-linux-x86_64, r-release-linux-x86_64, r-release-windows-x86_64