Last updated on 2024-06-17 06:50:31 CEST.
Flavor | Version | Tinstall | Tcheck | Ttotal | Status | Flags |
---|---|---|---|---|---|---|
r-devel-linux-x86_64-debian-clang | 0.1.1 | 11.69 | 94.08 | 105.77 | OK | |
r-devel-linux-x86_64-debian-gcc | 0.1.1 | 8.27 | 70.12 | 78.39 | OK | |
r-devel-linux-x86_64-fedora-clang | 0.1.1 | 132.19 | NOTE | |||
r-devel-linux-x86_64-fedora-gcc | 0.1.1 | 134.73 | NOTE | |||
r-devel-windows-x86_64 | 0.1.1 | 10.00 | 90.00 | 100.00 | OK | |
r-patched-linux-x86_64 | 0.1.1 | 12.26 | 89.24 | 101.50 | OK | |
r-release-linux-x86_64 | 0.1.1 | 11.37 | 87.26 | 98.63 | OK | |
r-release-macos-arm64 | 0.1.1 | 43.00 | OK | |||
r-release-macos-x86_64 | 0.1.1 | 73.00 | OK | |||
r-release-windows-x86_64 | 0.1.1 | 11.00 | 90.00 | 101.00 | OK | |
r-oldrel-macos-arm64 | 0.1.1 | 47.00 | OK | |||
r-oldrel-macos-x86_64 | 0.1.1 | 79.00 | OK | |||
r-oldrel-windows-x86_64 | 0.1.1 | 14.00 | 107.00 | 121.00 | OK |
Version: 0.1.1
Check: data for non-ASCII characters
Result: NOTE
Note: found 836 marked UTF-8 strings
Flavors: r-devel-linux-x86_64-fedora-clang, r-devel-linux-x86_64-fedora-gcc