CRAN Package Check Results for Package sfcentral

Last updated on 2025-05-03 21:51:32 CEST.

Flavor Version Tinstall Tcheck Ttotal Status Flags
r-devel-linux-x86_64-debian-clang 0.1.0 9.19 78.22 87.41 NOTE
r-devel-linux-x86_64-debian-gcc 0.1.0 6.26 57.22 63.48 NOTE
r-devel-linux-x86_64-fedora-clang 0.1.0 125.73 NOTE
r-devel-linux-x86_64-fedora-gcc 0.1.0 130.86 NOTE
r-devel-windows-x86_64 0.1.0 10.00 87.00 97.00 NOTE
r-patched-linux-x86_64 0.1.0 7.45 72.31 79.76 NOTE
r-release-linux-x86_64 NOTE
r-release-macos-arm64 0.1.0 38.00 NOTE
r-release-macos-x86_64 0.1.0 66.00 NOTE
r-release-windows-x86_64 0.1.0 11.00 86.00 97.00 NOTE
r-oldrel-macos-arm64 0.1.0 38.00 OK
r-oldrel-macos-x86_64 0.1.0 54.00 OK
r-oldrel-windows-x86_64 0.1.0 12.00 112.00 124.00 OK

Check Details

Version: 0.1.0
Check: DESCRIPTION meta-information
Result: NOTE Missing dependency on R >= 4.1.0 because package code uses the pipe |> or function shorthand \(...) syntax added in R 4.1.0. File(s) using such syntax: ‘sd_box.R’ Flavors: r-devel-linux-x86_64-debian-clang, r-devel-linux-x86_64-debian-gcc, r-devel-linux-x86_64-fedora-clang, r-devel-linux-x86_64-fedora-gcc, r-devel-windows-x86_64, r-patched-linux-x86_64, r-release-linux-x86_64, r-release-macos-arm64, r-release-macos-x86_64, r-release-windows-x86_64

Version: 0.1.0
Check: Rd cross-references
Result: NOTE Found the following Rd file(s) with Rd \link{} targets missing package anchors: sd_distance.Rd: sf Please provide package anchors for all Rd \link{} targets not in the package itself and the base packages. Flavors: r-devel-linux-x86_64-debian-clang, r-devel-linux-x86_64-debian-gcc, r-devel-windows-x86_64, r-patched-linux-x86_64, r-release-linux-x86_64, r-release-windows-x86_64