Last updated on 2025-05-03 12:54:55 CEST.
Flavor | Version | Tinstall | Tcheck | Ttotal | Status | Flags |
---|---|---|---|---|---|---|
r-devel-linux-x86_64-debian-clang | 0.8.0 | 3.09 | 32.64 | 35.73 | NOTE | |
r-devel-linux-x86_64-debian-gcc | 0.8.0 | 2.49 | 25.66 | 28.15 | NOTE | |
r-devel-linux-x86_64-fedora-clang | 0.8.0 | 56.98 | OK | |||
r-devel-linux-x86_64-fedora-gcc | 0.8.0 | 51.67 | OK | |||
r-devel-windows-x86_64 | 0.8.0 | 6.00 | 51.00 | 57.00 | OK | |
r-patched-linux-x86_64 | 0.8.0 | 2.91 | 30.22 | 33.13 | OK | |
r-release-linux-x86_64 | OK | |||||
r-release-macos-arm64 | 0.8.0 | 24.00 | OK | |||
r-release-macos-x86_64 | 0.8.0 | 48.00 | OK | |||
r-release-windows-x86_64 | 0.8.0 | 6.00 | 52.00 | 58.00 | OK | |
r-oldrel-macos-arm64 | 0.8.0 | 21.00 | OK | |||
r-oldrel-macos-x86_64 | 0.8.0 | 32.00 | OK | |||
r-oldrel-windows-x86_64 | 0.8.0 | 7.00 | 61.00 | 68.00 | OK |
Version: 0.8.0
Check: CRAN incoming feasibility
Result: NOTE
Maintainer: ‘Andreas Neudecker <andreas.neudecker@inwt-statistics.de>’
No Authors@R field in DESCRIPTION.
Please add one, modifying
Authors@R: person(given = "Andreas",
family = "Neudecker",
role = c("aut", "cre"),
email = "andreas.neudecker@inwt-statistics.de")
as necessary.
Flavors: r-devel-linux-x86_64-debian-clang, r-devel-linux-x86_64-debian-gcc