Last updated on 2025-05-03 21:51:32 CEST.
Flavor | Version | Tinstall | Tcheck | Ttotal | Status | Flags |
---|---|---|---|---|---|---|
r-devel-linux-x86_64-debian-clang | 1.8.0 | 2.13 | 26.91 | 29.04 | OK | |
r-devel-linux-x86_64-debian-gcc | 1.8.0 | 1.61 | 21.82 | 23.43 | OK | |
r-devel-linux-x86_64-fedora-clang | 1.8.0 | 46.94 | OK | |||
r-devel-linux-x86_64-fedora-gcc | 1.8.0 | 43.08 | OK | |||
r-devel-windows-x86_64 | 1.8.0 | 4.00 | 46.00 | 50.00 | OK | |
r-patched-linux-x86_64 | 1.8.0 | 1.96 | 24.44 | 26.40 | OK | |
r-release-linux-x86_64 | OK | |||||
r-release-macos-arm64 | 1.8.0 | 21.00 | OK | |||
r-release-macos-x86_64 | 1.8.0 | 35.00 | OK | |||
r-release-windows-x86_64 | 1.8.0 | 4.00 | 46.00 | 50.00 | OK | |
r-oldrel-macos-arm64 | 1.8.0 | 19.00 | NOTE | |||
r-oldrel-macos-x86_64 | 1.8.0 | 28.00 | NOTE | |||
r-oldrel-windows-x86_64 | 1.8.0 | 5.00 | 52.00 | 57.00 | NOTE |
Version: 1.8.0
Check: package dependencies
Result: NOTE
Package suggested but not available for checking: ‘cmdstanr’
Flavors: r-oldrel-macos-arm64, r-oldrel-macos-x86_64, r-oldrel-windows-x86_64