Last updated on 2024-06-17 06:50:31 CEST.
Flavor | Version | Tinstall | Tcheck | Ttotal | Status | Flags |
---|---|---|---|---|---|---|
r-devel-linux-x86_64-debian-clang | 0.2.0 | 92.99 | 45.09 | 138.08 | NOTE | |
r-devel-linux-x86_64-debian-gcc | 0.2.0 | 68.02 | 33.64 | 101.66 | NOTE | |
r-devel-linux-x86_64-fedora-clang | 0.2.0 | 195.09 | NOTE | |||
r-devel-linux-x86_64-fedora-gcc | 0.2.0 | 211.22 | NOTE | |||
r-devel-windows-x86_64 | 0.2.0 | 73.00 | 75.00 | 148.00 | NOTE | |
r-patched-linux-x86_64 | 0.2.0 | 88.50 | 43.95 | 132.45 | NOTE | |
r-release-linux-x86_64 | 0.2.0 | 85.35 | 43.00 | 128.35 | NOTE | |
r-release-macos-arm64 | 0.2.0 | 39.00 | NOTE | |||
r-release-macos-x86_64 | 0.2.0 | 48.00 | NOTE | |||
r-release-windows-x86_64 | 0.2.0 | 74.00 | 76.00 | 150.00 | NOTE | |
r-oldrel-macos-arm64 | 0.2.0 | 51.00 | NOTE | |||
r-oldrel-macos-x86_64 | 0.2.0 | 80.00 | NOTE | |||
r-oldrel-windows-x86_64 | 0.2.0 | 87.00 | 85.00 | 172.00 | NOTE |
Version: 0.2.0
Check: C++ specification
Result: NOTE
Specified C++11: please drop specification unless essential
Flavors: r-devel-linux-x86_64-debian-clang, r-devel-linux-x86_64-debian-gcc, r-devel-linux-x86_64-fedora-clang, r-devel-linux-x86_64-fedora-gcc, r-devel-windows-x86_64, r-patched-linux-x86_64, r-release-linux-x86_64, r-release-macos-arm64, r-release-macos-x86_64, r-release-windows-x86_64, r-oldrel-macos-arm64, r-oldrel-macos-x86_64, r-oldrel-windows-x86_64
Version: 0.2.0
Check: installed package size
Result: NOTE
installed size is 5.1Mb
sub-directories of 1Mb or more:
libs 4.9Mb
Flavors: r-release-macos-arm64, r-release-macos-x86_64, r-oldrel-macos-arm64, r-oldrel-macos-x86_64