CRAN Package Check Results for Package sigclust

Last updated on 2025-05-03 21:51:32 CEST.

Flavor Version Tinstall Tcheck Ttotal Status Flags
r-devel-linux-x86_64-debian-clang 1.1.0.1 2.33 32.57 34.90 NOTE
r-devel-linux-x86_64-debian-gcc 1.1.0.1 1.80 25.21 27.01 NOTE
r-devel-linux-x86_64-fedora-clang 1.1.0.1 55.94 OK
r-devel-linux-x86_64-fedora-gcc 1.1.0.1 55.29 OK
r-devel-windows-x86_64 1.1.0.1 3.00 59.00 62.00 OK
r-patched-linux-x86_64 1.1.0.1 2.46 32.37 34.83 OK
r-release-linux-x86_64 OK
r-release-macos-arm64 1.1.0.1 32.00 OK
r-release-macos-x86_64 1.1.0.1 40.00 OK
r-release-windows-x86_64 1.1.0.1 3.00 60.00 63.00 OK
r-oldrel-macos-arm64 1.1.0.1 23.00 OK
r-oldrel-macos-x86_64 1.1.0.1 37.00 OK
r-oldrel-windows-x86_64 1.1.0.1 3.00 55.00 58.00 OK

Check Details

Version: 1.1.0.1
Check: CRAN incoming feasibility
Result: NOTE Maintainer: ‘Hanwen Huang <hanwenh.unc@gmail.com>’ No Authors@R field in DESCRIPTION. Please add one, modifying Authors@R: c(person(given = "Hanwen", family = "Huang", role = c("aut", "cre"), email = "hanwenh.unc@gmail.com"), person(given = c("Yufeng", "Liu", "&", "J.", "S."), family = "Marron", role = "aut")) as necessary. Flavors: r-devel-linux-x86_64-debian-clang, r-devel-linux-x86_64-debian-gcc