Last updated on 2024-06-16 11:58:07 CEST.
Flavor | Version | Tinstall | Tcheck | Ttotal | Status | Flags |
---|---|---|---|---|---|---|
r-devel-linux-x86_64-debian-clang | 2.3.1 | 51.79 | 264.41 | 316.20 | OK | |
r-devel-linux-x86_64-debian-gcc | 2.3.1 | 39.05 | 193.74 | 232.79 | OK | |
r-devel-linux-x86_64-fedora-clang | 2.3.1 | 415.95 | NOTE | |||
r-devel-linux-x86_64-fedora-gcc | 2.3.1 | 312.90 | OK | |||
r-devel-windows-x86_64 | 2.3.1 | 47.00 | 223.00 | 270.00 | NOTE | |
r-patched-linux-x86_64 | 2.3.1 | 48.98 | 257.59 | 306.57 | OK | |
r-release-linux-x86_64 | 2.3.1 | 48.34 | 251.04 | 299.38 | OK | |
r-release-macos-arm64 | 2.3.1 | 67.00 | NOTE | |||
r-release-macos-x86_64 | 2.3.1 | 151.00 | NOTE | |||
r-release-windows-x86_64 | 2.3.1 | 49.00 | 238.00 | 287.00 | NOTE | |
r-oldrel-macos-arm64 | 2.3.1 | 78.00 | NOTE | |||
r-oldrel-macos-x86_64 | 2.3.1 | 121.00 | NOTE | |||
r-oldrel-windows-x86_64 | 2.3.1 | 61.00 | 293.00 | 354.00 | NOTE |
Version: 2.3.1
Check: installed package size
Result: NOTE
installed size is 5.3Mb
sub-directories of 1Mb or more:
extdata 1.0Mb
help 1.7Mb
Flavors: r-devel-linux-x86_64-fedora-clang, r-devel-windows-x86_64, r-release-macos-arm64, r-release-macos-x86_64, r-release-windows-x86_64, r-oldrel-macos-arm64, r-oldrel-macos-x86_64, r-oldrel-windows-x86_64
Version: 2.3.1
Check: package dependencies
Result: NOTE
Package suggested but not available for checking: ‘BSgenome.Hsapiens.UCSC.hg19’
Flavors: r-release-macos-arm64, r-release-macos-x86_64, r-oldrel-macos-arm64, r-oldrel-macos-x86_64