Last updated on 2025-05-03 12:54:55 CEST.
Flavor | Version | Tinstall | Tcheck | Ttotal | Status | Flags |
---|---|---|---|---|---|---|
r-devel-linux-x86_64-debian-clang | 0.1.1 | 7.38 | 77.73 | 85.11 | NOTE | |
r-devel-linux-x86_64-debian-gcc | 0.1.1 | 6.30 | 51.70 | 58.00 | NOTE | |
r-devel-linux-x86_64-fedora-clang | 0.1.1 | 132.76 | NOTE | |||
r-devel-linux-x86_64-fedora-gcc | 0.1.1 | 122.96 | NOTE | |||
r-devel-windows-x86_64 | 0.1.1 | 9.00 | 91.00 | 100.00 | NOTE | |
r-patched-linux-x86_64 | 0.1.1 | 9.49 | 70.27 | 79.76 | NOTE | |
r-release-linux-x86_64 | NOTE | |||||
r-release-macos-arm64 | 0.1.1 | 36.00 | NOTE | |||
r-release-macos-x86_64 | 0.1.1 | 59.00 | NOTE | |||
r-release-windows-x86_64 | 0.1.1 | 11.00 | 91.00 | 102.00 | NOTE | |
r-oldrel-macos-arm64 | 0.1.1 | 36.00 | NOTE | |||
r-oldrel-macos-x86_64 | 0.1.1 | 55.00 | NOTE | |||
r-oldrel-windows-x86_64 | 0.1.1 | 12.00 | 107.00 | 119.00 | NOTE |
Version: 0.1.1
Check: CRAN incoming feasibility
Result: NOTE
Maintainer: ‘Justin Leach <jleach@uab.edu>’
The BugReports field in DESCRIPTION has
https://github.com/jmleach-bst/sim2Dpredictr
which should likely be
https://github.com/jmleach-bst/sim2Dpredictr/issues
instead.
Flavors: r-devel-linux-x86_64-debian-clang, r-devel-linux-x86_64-debian-gcc
Version: 0.1.1
Check: Rd files
Result: NOTE
checkRd: (-1) sim_Y_Binary_X.Rd:51: Lost braces
51 | \item \code{dist = "binomial"} is drawn from eqn{Bin(XB, XB(1-XB))}
| ^
Flavors: r-devel-linux-x86_64-debian-clang, r-devel-linux-x86_64-debian-gcc, r-devel-linux-x86_64-fedora-clang, r-devel-linux-x86_64-fedora-gcc, r-devel-windows-x86_64, r-patched-linux-x86_64, r-release-linux-x86_64, r-release-macos-arm64, r-release-macos-x86_64, r-release-windows-x86_64, r-oldrel-macos-arm64, r-oldrel-macos-x86_64, r-oldrel-windows-x86_64