Last updated on 2025-05-03 21:51:32 CEST.
Flavor | Version | Tinstall | Tcheck | Ttotal | Status | Flags |
---|---|---|---|---|---|---|
r-devel-linux-x86_64-debian-clang | 0.4.2 | 2.03 | 49.61 | 51.64 | NOTE | |
r-devel-linux-x86_64-debian-gcc | 0.4.2 | 1.61 | 38.08 | 39.69 | NOTE | |
r-devel-linux-x86_64-fedora-clang | 0.4.2 | 71.13 | NOTE | |||
r-devel-linux-x86_64-fedora-gcc | 0.4.2 | 82.91 | NOTE | |||
r-devel-windows-x86_64 | 0.4.2 | 5.00 | 82.00 | 87.00 | ERROR | |
r-patched-linux-x86_64 | 0.4.2 | 2.05 | 49.48 | 51.53 | NOTE | |
r-release-linux-x86_64 | NOTE | |||||
r-release-macos-arm64 | 0.4.2 | 49.00 | NOTE | |||
r-release-macos-x86_64 | 0.4.2 | 74.00 | NOTE | |||
r-release-windows-x86_64 | 0.4.2 | 3.00 | 81.00 | 84.00 | NOTE | |
r-oldrel-macos-arm64 | 0.4.2 | 48.00 | NOTE | |||
r-oldrel-macos-x86_64 | 0.4.2 | 64.00 | NOTE | |||
r-oldrel-windows-x86_64 | 0.4.2 | 3.00 | 96.00 | 99.00 | NOTE |
Version: 0.4.2
Check: CRAN incoming feasibility
Result: NOTE
Maintainer: ‘Nathan Sheffield <nathan@code.databio.org>’
The BugReports field in DESCRIPTION has
https://github.com/databio/simpleCache
which should likely be
https://github.com/databio/simpleCache/issues
instead.
Flavors: r-devel-linux-x86_64-debian-clang, r-devel-linux-x86_64-debian-gcc
Version: 0.4.2
Check: package subdirectories
Result: NOTE
Problems with news in ‘NEWS.md’:
Cannot extract version info from the following section titles:
simpleCache [0.0.1]
Flavors: r-devel-linux-x86_64-debian-clang, r-devel-linux-x86_64-debian-gcc, r-devel-linux-x86_64-fedora-clang, r-devel-linux-x86_64-fedora-gcc, r-devel-windows-x86_64, r-patched-linux-x86_64, r-release-linux-x86_64, r-release-macos-arm64, r-release-macos-x86_64, r-release-windows-x86_64, r-oldrel-macos-arm64, r-oldrel-macos-x86_64, r-oldrel-windows-x86_64
Version: 0.4.2
Check: tests
Result: ERROR
Running 'testthat.R' [8s]
Running the tests in 'tests/testthat.R' failed.
Complete output:
> library(testthat)
> library(simpleCache)
>
> test_check("simpleCache")
[ FAIL 1 | WARN 0 | SKIP 0 | PASS 66 ]
══ Failed tests ════════════════════════════════════════════════════════════════
── Failure ('test_cache_lifespan.R:18:3'): Direct lifespan specification is preferred to background option ──
`t0` not equal to file.info(fp)$ctime.
1/1 mismatches
[1] 2025-05-01 16:10:53.993 - 2025-05-01 16:10:53.978 == 0.0156 secs
[ FAIL 1 | WARN 0 | SKIP 0 | PASS 66 ]
Error: Test failures
Execution halted
Flavor: r-devel-windows-x86_64