Last updated on 2025-05-03 12:54:55 CEST.
Flavor | Version | Tinstall | Tcheck | Ttotal | Status | Flags |
---|---|---|---|---|---|---|
r-devel-linux-x86_64-debian-clang | 1.0.2 | 11.67 | 156.79 | 168.46 | NOTE | |
r-devel-linux-x86_64-debian-gcc | 1.0.2 | 7.31 | 120.34 | 127.65 | NOTE | |
r-devel-linux-x86_64-fedora-clang | 1.0.2 | 288.81 | NOTE | |||
r-devel-linux-x86_64-fedora-gcc | 1.0.2 | 257.89 | NOTE | |||
r-devel-windows-x86_64 | 1.0.2 | 13.00 | 159.00 | 172.00 | NOTE | |
r-patched-linux-x86_64 | 1.0.2 | 11.73 | 150.23 | 161.96 | NOTE | |
r-release-linux-x86_64 | NOTE | |||||
r-release-macos-arm64 | 1.0.2 | 83.00 | NOTE | |||
r-release-macos-x86_64 | 1.0.2 | 165.00 | NOTE | |||
r-release-windows-x86_64 | 1.0.2 | 14.00 | 161.00 | 175.00 | NOTE | |
r-oldrel-macos-arm64 | 1.0.2 | 80.00 | OK | |||
r-oldrel-macos-x86_64 | 1.0.2 | 132.00 | OK | |||
r-oldrel-windows-x86_64 | 1.0.2 | 17.00 | 202.00 | 219.00 | OK |
Version: 1.0.2
Check: DESCRIPTION meta-information
Result: NOTE
Missing dependency on R >= 4.1.0 because package code uses the pipe
|> or function shorthand \(...) syntax added in R 4.1.0.
File(s) using such syntax:
‘debug.R’
Flavors: r-devel-linux-x86_64-debian-clang, r-devel-linux-x86_64-debian-gcc, r-devel-linux-x86_64-fedora-clang, r-devel-linux-x86_64-fedora-gcc, r-devel-windows-x86_64, r-patched-linux-x86_64, r-release-linux-x86_64, r-release-macos-arm64, r-release-macos-x86_64, r-release-windows-x86_64