Last updated on 2025-05-03 12:54:55 CEST.
Flavor | Version | Tinstall | Tcheck | Ttotal | Status | Flags |
---|---|---|---|---|---|---|
r-devel-linux-x86_64-debian-clang | 0.3.3 | 74.05 | 109.32 | 183.37 | NOTE | |
r-devel-linux-x86_64-debian-gcc | 0.3.3 | 59.36 | 79.35 | 138.71 | NOTE | |
r-devel-linux-x86_64-fedora-clang | 0.3.3 | 321.80 | NOTE | |||
r-devel-linux-x86_64-fedora-gcc | 0.3.3 | 335.04 | NOTE | |||
r-devel-windows-x86_64 | 0.3.3 | 92.00 | 130.00 | 222.00 | NOTE | |
r-patched-linux-x86_64 | 0.3.3 | 79.53 | 103.38 | 182.91 | NOTE | |
r-release-linux-x86_64 | NOTE | |||||
r-release-macos-arm64 | 0.3.3 | 83.00 | NOTE | |||
r-release-macos-x86_64 | 0.3.3 | 113.00 | NOTE | |||
r-release-windows-x86_64 | 0.3.3 | 96.00 | 135.00 | 231.00 | NOTE | |
r-oldrel-macos-arm64 | 0.3.3 | 77.00 | NOTE | |||
r-oldrel-macos-x86_64 | 0.3.3 | 98.00 | NOTE | |||
r-oldrel-windows-x86_64 | 0.3.3 | 107.00 | 173.00 | 280.00 | NOTE |
Version: 0.3.3
Check: CRAN incoming feasibility
Result: NOTE
Maintainer: ‘Clement Benard <clement.benard5@gmail.com>’
No Authors@R field in DESCRIPTION.
Please add one, modifying
Authors@R: c(person(given = "Clement",
family = "Benard",
role = c("aut", "cre"),
email = "clement.benard5@gmail.com"),
person(given = c("Marvin", "N."),
family = "Wright",
role = c("ctb", "cph")))
as necessary.
Flavors: r-devel-linux-x86_64-debian-clang, r-devel-linux-x86_64-debian-gcc
Version: 0.3.3
Check: C++ specification
Result: NOTE
Specified C++11: please drop specification unless essential
Flavors: r-devel-linux-x86_64-debian-clang, r-devel-linux-x86_64-debian-gcc, r-devel-linux-x86_64-fedora-clang, r-devel-linux-x86_64-fedora-gcc, r-devel-windows-x86_64, r-patched-linux-x86_64, r-release-linux-x86_64, r-release-macos-arm64, r-release-macos-x86_64, r-release-windows-x86_64, r-oldrel-macos-arm64, r-oldrel-macos-x86_64, r-oldrel-windows-x86_64
Version: 0.3.3
Check: installed package size
Result: NOTE
installed size is 7.3Mb
sub-directories of 1Mb or more:
libs 7.0Mb
Flavors: r-oldrel-macos-arm64, r-oldrel-macos-x86_64