Last updated on 2025-05-03 21:51:32 CEST.
Flavor | Version | Tinstall | Tcheck | Ttotal | Status | Flags |
---|---|---|---|---|---|---|
r-devel-linux-x86_64-debian-clang | 0.1-15 | 8.66 | 423.97 | 432.63 | NOTE | |
r-devel-linux-x86_64-debian-gcc | 0.1-15 | 5.95 | 272.16 | 278.11 | OK | |
r-devel-linux-x86_64-fedora-clang | 0.1-15 | 521.43 | OK | |||
r-devel-linux-x86_64-fedora-gcc | 0.1-15 | 446.61 | OK | |||
r-devel-windows-x86_64 | 0.1-15 | 11.00 | 247.00 | 258.00 | OK | |
r-patched-linux-x86_64 | 0.1-15 | 8.01 | 303.01 | 311.02 | OK | |
r-release-linux-x86_64 | OK | |||||
r-release-macos-arm64 | 0.1-15 | 113.00 | OK | |||
r-release-macos-x86_64 | 0.1-15 | 209.00 | OK | |||
r-release-windows-x86_64 | 0.1-15 | 11.00 | 257.00 | 268.00 | OK | |
r-oldrel-macos-arm64 | 0.1-15 | 113.00 | OK | |||
r-oldrel-macos-x86_64 | 0.1-15 | 192.00 | OK | |||
r-oldrel-windows-x86_64 | 0.1-15 | 14.00 | 293.00 | 307.00 | OK |
Version: 0.1-15
Check: examples
Result: NOTE
Examples with CPU time > 2.5 times elapsed time
user system elapsed ratio
sitree 4.822 0.255 2.014 2.521
Flavor: r-devel-linux-x86_64-debian-clang