Last updated on 2025-07-22 12:49:46 CEST.
Flavor | Version | Tinstall | Tcheck | Ttotal | Status | Flags |
---|---|---|---|---|---|---|
r-devel-linux-x86_64-debian-clang | 0.2-18 | 2.98 | 41.08 | 44.06 | OK | |
r-devel-linux-x86_64-debian-gcc | 0.2-18 | 2.03 | 31.41 | 33.44 | OK | |
r-devel-linux-x86_64-fedora-clang | 0.2-18 | 64.45 | OK | |||
r-devel-linux-x86_64-fedora-gcc | 0.2-18 | 62.80 | OK | |||
r-devel-windows-x86_64 | 0.2-18 | 5.00 | 56.00 | 61.00 | OK | |
r-patched-linux-x86_64 | 0.2-18 | 3.13 | 37.52 | 40.65 | OK | |
r-release-linux-x86_64 | 0.2-18 | 2.44 | 38.51 | 40.95 | OK | |
r-release-macos-arm64 | 0.2-18 | 26.00 | OK | |||
r-release-macos-x86_64 | 0.2-18 | 45.00 | OK | |||
r-release-windows-x86_64 | 0.2-18 | 5.00 | 56.00 | 61.00 | OK | |
r-oldrel-macos-arm64 | 0.2-18 | 28.00 | NOTE | |||
r-oldrel-macos-x86_64 | 0.2-18 | 206.00 | NOTE | |||
r-oldrel-windows-x86_64 | 0.2-18 | 4.00 | 67.00 | 71.00 | NOTE |
Version: 0.2-18
Check: package dependencies
Result: NOTE
Package which this enhances but not available for checking: ‘kmndirs’
Flavors: r-oldrel-macos-arm64, r-oldrel-macos-x86_64, r-oldrel-windows-x86_64