Last updated on 2024-06-17 06:50:32 CEST.
Flavor | Version | Tinstall | Tcheck | Ttotal | Status | Flags |
---|---|---|---|---|---|---|
r-devel-linux-x86_64-debian-clang | 1.7.1 | 228.75 | 119.46 | 348.21 | OK | |
r-devel-linux-x86_64-debian-gcc | 1.7.1 | 168.38 | 96.84 | 265.22 | OK | |
r-devel-linux-x86_64-fedora-clang | 1.7.1 | 439.19 | OK | |||
r-devel-linux-x86_64-fedora-gcc | 1.7.1 | 528.33 | OK | |||
r-devel-windows-x86_64 | 1.7.1 | 157.00 | 133.00 | 290.00 | OK | |
r-patched-linux-x86_64 | 1.7.1 | 221.13 | 128.03 | 349.16 | OK | |
r-release-linux-x86_64 | 1.7.1 | 216.23 | 113.24 | 329.47 | OK | |
r-release-macos-arm64 | 1.7.1 | 91.00 | NOTE | |||
r-release-macos-x86_64 | 1.7.1 | 113.00 | NOTE | |||
r-release-windows-x86_64 | 1.7.1 | 160.00 | 134.00 | 294.00 | OK | |
r-oldrel-macos-arm64 | 1.7.1 | 92.00 | NOTE | |||
r-oldrel-macos-x86_64 | 1.7.1 | 160.00 | NOTE | |||
r-oldrel-windows-x86_64 | 1.7.1 | 202.00 | 166.00 | 368.00 | OK |
Version: 1.7.1
Check: installed package size
Result: NOTE
installed size is 38.2Mb
sub-directories of 1Mb or more:
libs 37.6Mb
Flavors: r-release-macos-arm64, r-release-macos-x86_64, r-oldrel-macos-arm64, r-oldrel-macos-x86_64