Last updated on 2025-07-23 21:51:59 CEST.
Flavor | Version | Tinstall | Tcheck | Ttotal | Status | Flags |
---|---|---|---|---|---|---|
r-devel-linux-x86_64-debian-clang | 2.0.0 | 3.40 | 33.42 | 36.82 | OK | |
r-devel-linux-x86_64-debian-gcc | 2.0.0 | 2.78 | 25.43 | 28.21 | OK | |
r-devel-linux-x86_64-fedora-clang | 2.0.0 | 61.17 | OK | |||
r-devel-linux-x86_64-fedora-gcc | 2.0.0 | 60.29 | OK | |||
r-devel-windows-x86_64 | 2.0.0 | 4.00 | 54.00 | 58.00 | OK | |
r-patched-linux-x86_64 | 2.0.0 | 3.49 | 32.88 | 36.37 | OK | |
r-release-linux-x86_64 | 2.0.0 | 3.56 | 32.45 | 36.01 | OK | |
r-release-macos-arm64 | 2.0.0 | 29.00 | OK | |||
r-release-macos-x86_64 | 2.0.0 | 45.00 | OK | |||
r-release-windows-x86_64 | 2.0.0 | 4.00 | 57.00 | 61.00 | OK | |
r-oldrel-macos-arm64 | 2.0.0 | 26.00 | NOTE | |||
r-oldrel-macos-x86_64 | 2.0.0 | 33.00 | NOTE | |||
r-oldrel-windows-x86_64 | 2.0.0 | 6.00 | 67.00 | 73.00 | OK |
Version: 2.0.0
Check: package dependencies
Result: NOTE
Package suggested but not available for checking: ‘captioner’
Flavors: r-oldrel-macos-arm64, r-oldrel-macos-x86_64