Last updated on 2025-05-06 21:52:24 CEST.
Flavor | Version | Tinstall | Tcheck | Ttotal | Status | Flags |
---|---|---|---|---|---|---|
r-devel-linux-x86_64-debian-clang | 0.1.0 | 6.79 | 63.03 | 69.82 | NOTE | |
r-devel-linux-x86_64-debian-gcc | 0.1.0 | 5.86 | 50.11 | 55.97 | NOTE | |
r-devel-linux-x86_64-fedora-clang | 0.1.0 | 110.79 | NOTE | |||
r-devel-linux-x86_64-fedora-gcc | 0.1.0 | 108.33 | NOTE | |||
r-devel-windows-x86_64 | 0.1.0 | 8.00 | 75.00 | 83.00 | NOTE | |
r-patched-linux-x86_64 | 0.1.0 | 6.94 | 60.39 | 67.33 | NOTE | |
r-release-linux-x86_64 | 0.1.0 | 6.63 | 61.48 | 68.11 | NOTE | |
r-release-macos-arm64 | 0.1.0 | 36.00 | NOTE | |||
r-release-macos-x86_64 | 0.1.0 | 66.00 | NOTE | |||
r-release-windows-x86_64 | 0.1.0 | 9.00 | 76.00 | 85.00 | NOTE | |
r-oldrel-macos-arm64 | 0.1.0 | 34.00 | NOTE | |||
r-oldrel-macos-x86_64 | 0.1.0 | 49.00 | NOTE | |||
r-oldrel-windows-x86_64 | 0.1.0 | 10.00 | 93.00 | 103.00 | NOTE |
Version: 0.1.0
Check: package subdirectories
Result: NOTE
Problems with news in ‘NEWS.md’:
No news entries found.
Flavors: r-devel-linux-x86_64-debian-clang, r-devel-linux-x86_64-debian-gcc, r-devel-linux-x86_64-fedora-clang, r-devel-linux-x86_64-fedora-gcc, r-devel-windows-x86_64, r-patched-linux-x86_64, r-release-linux-x86_64, r-release-macos-arm64, r-release-macos-x86_64, r-release-windows-x86_64, r-oldrel-macos-arm64, r-oldrel-macos-x86_64, r-oldrel-windows-x86_64