Last updated on 2024-06-17 06:50:32 CEST.
Flavor | Version | Tinstall | Tcheck | Ttotal | Status | Flags |
---|---|---|---|---|---|---|
r-devel-linux-x86_64-debian-clang | 2.1-6 | 25.07 | 386.42 | 411.49 | OK | |
r-devel-linux-x86_64-debian-gcc | 2.1-6 | 21.90 | 278.08 | 299.98 | OK | |
r-devel-linux-x86_64-fedora-clang | 2.1-6 | 514.86 | NOTE | |||
r-devel-linux-x86_64-fedora-gcc | 2.1-6 | 503.19 | NOTE | |||
r-devel-windows-x86_64 | 2.1-6 | 27.00 | 300.00 | 327.00 | OK | |
r-patched-linux-x86_64 | 2.1-6 | 35.42 | 367.49 | 402.91 | OK | |
r-release-linux-x86_64 | 2.1-6 | 22.70 | 363.54 | 386.24 | OK | |
r-release-macos-arm64 | 2.1-6 | 133.00 | OK | |||
r-release-macos-x86_64 | 2.1-6 | 219.00 | OK | |||
r-release-windows-x86_64 | 2.1-6 | 26.00 | 301.00 | 327.00 | OK | |
r-oldrel-macos-arm64 | 2.1-6 | 119.00 | OK | |||
r-oldrel-macos-x86_64 | 2.1-6 | 152.00 | OK | |||
r-oldrel-windows-x86_64 | 2.1-6 | 34.00 | 365.00 | 399.00 | OK |
Version: 2.1-6
Check: data for non-ASCII characters
Result: NOTE
Note: found 15 marked Latin-1 strings
Note: found 2 marked UTF-8 strings
Flavors: r-devel-linux-x86_64-fedora-clang, r-devel-linux-x86_64-fedora-gcc