Last updated on 2025-05-03 12:54:55 CEST.
Flavor | Version | Tinstall | Tcheck | Ttotal | Status | Flags |
---|---|---|---|---|---|---|
r-devel-linux-x86_64-debian-clang | 4.2.0 | 161.03 | 410.28 | 571.31 | OK | |
r-devel-linux-x86_64-debian-gcc | 4.2.0 | 121.85 | 274.23 | 396.08 | OK | |
r-devel-linux-x86_64-fedora-clang | 4.2.0 | 949.19 | OK | |||
r-devel-linux-x86_64-fedora-gcc | 4.2.0 | 998.33 | OK | |||
r-devel-windows-x86_64 | 4.2.0 | 173.00 | 197.00 | 370.00 | OK | --no-vignettes |
r-patched-linux-x86_64 | 4.2.0 | 170.39 | 389.54 | 559.93 | OK | |
r-release-linux-x86_64 | OK | |||||
r-release-macos-arm64 | 4.2.0 | 220.00 | OK | |||
r-release-macos-x86_64 | 4.2.0 | 421.00 | OK | |||
r-release-windows-x86_64 | 4.2.0 | 177.00 | 192.00 | 369.00 | OK | --no-vignettes |
r-oldrel-macos-arm64 | 4.2.0 | 215.00 | NOTE | |||
r-oldrel-macos-x86_64 | 4.2.0 | 434.00 | NOTE | |||
r-oldrel-windows-x86_64 | 4.2.0 | 206.00 | 228.00 | 434.00 | NOTE | --no-vignettes |
Version: 4.2.0
Check: installed package size
Result: NOTE
installed size is 16.5Mb
sub-directories of 1Mb or more:
R 2.0Mb
doc 3.4Mb
libs 10.6Mb
Flavors: r-oldrel-macos-arm64, r-oldrel-macos-x86_64
Version: 4.2.0
Flags: --no-vignettes
Check: package dependencies
Result: NOTE
Package suggested but not available for checking: 'doMC'
Flavor: r-oldrel-windows-x86_64
Version: 4.2.0
Flags: --no-vignettes
Check: installed package size
Result: NOTE
installed size is 6.8Mb
sub-directories of 1Mb or more:
R 1.3Mb
doc 3.4Mb
libs 1.6Mb
Flavor: r-oldrel-windows-x86_64