Last updated on 2025-05-03 21:51:32 CEST.
Flavor | Version | Tinstall | Tcheck | Ttotal | Status | Flags |
---|---|---|---|---|---|---|
r-devel-linux-x86_64-debian-clang | 1.0.0 | 1.87 | 36.94 | 38.81 | NOTE | |
r-devel-linux-x86_64-debian-gcc | 1.0.0 | 1.54 | 27.49 | 29.03 | NOTE | |
r-devel-linux-x86_64-fedora-clang | 1.0.0 | 60.17 | OK | |||
r-devel-linux-x86_64-fedora-gcc | 1.0.0 | 70.39 | OK | |||
r-devel-windows-x86_64 | 1.0.0 | 3.00 | 78.00 | 81.00 | OK | |
r-patched-linux-x86_64 | 1.0.0 | 1.87 | 35.38 | 37.25 | OK | |
r-release-linux-x86_64 | OK | |||||
r-release-macos-arm64 | 1.0.0 | 30.00 | OK | |||
r-release-macos-x86_64 | 1.0.0 | 51.00 | OK | |||
r-release-windows-x86_64 | 1.0.0 | 2.00 | 77.00 | 79.00 | OK | |
r-oldrel-macos-arm64 | 1.0.0 | 27.00 | OK | |||
r-oldrel-macos-x86_64 | 1.0.0 | 42.00 | OK | |||
r-oldrel-windows-x86_64 | 1.0.0 | 3.00 | 91.00 | 94.00 | OK |
Version: 1.0.0
Check: CRAN incoming feasibility
Result: NOTE
Maintainer: ‘Svetlana Eden <svetlana.eden@vanderbilt.edu>’
No Authors@R field in DESCRIPTION.
Please add one, modifying
Authors@R: person(given = "Svetlana",
family = "Eden",
role = c("aut", "cre"),
email = "svetlana.eden@vanderbilt.edu")
as necessary.
Flavors: r-devel-linux-x86_64-debian-clang, r-devel-linux-x86_64-debian-gcc