Last updated on 2025-05-07 06:50:03 CEST.
Flavor | Version | Tinstall | Tcheck | Ttotal | Status | Flags |
---|---|---|---|---|---|---|
r-devel-linux-x86_64-debian-clang | 1.4.7 | 2.32 | 29.79 | 32.11 | NOTE | |
r-devel-linux-x86_64-debian-gcc | 1.4.7 | 1.76 | 23.97 | 25.73 | NOTE | |
r-devel-linux-x86_64-fedora-clang | 1.4.7 | 50.74 | OK | |||
r-devel-linux-x86_64-fedora-gcc | 1.4.7 | 62.17 | OK | |||
r-devel-windows-x86_64 | 1.4.7 | 3.00 | 65.00 | 68.00 | OK | |
r-patched-linux-x86_64 | 1.4.7 | 2.44 | 28.91 | 31.35 | OK | |
r-release-linux-x86_64 | 1.4.7 | 2.20 | 28.74 | 30.94 | OK | |
r-release-macos-arm64 | 1.4.7 | 34.00 | OK | |||
r-release-macos-x86_64 | 1.4.7 | 49.00 | OK | |||
r-release-windows-x86_64 | 1.4.7 | 4.00 | 73.00 | 77.00 | OK | |
r-oldrel-macos-arm64 | 1.4.7 | 25.00 | OK | |||
r-oldrel-macos-x86_64 | 1.4.7 | 37.00 | OK | |||
r-oldrel-windows-x86_64 | 1.4.7 | 3.00 | 64.00 | 67.00 | OK |
Version: 1.4.7
Check: CRAN incoming feasibility
Result: NOTE
Maintainer: ‘Charles Berry <ccberry@ucsd.edu>’
No Authors@R field in DESCRIPTION.
Please add one, modifying
Authors@R: person(given = "Charles",
family = "Berry",
role = c("aut", "cre"),
email = "ccberry@ucsd.edu")
as necessary.
Flavors: r-devel-linux-x86_64-debian-clang, r-devel-linux-x86_64-debian-gcc