Last updated on 2024-06-17 06:50:32 CEST.
Flavor | Version | Tinstall | Tcheck | Ttotal | Status | Flags |
---|---|---|---|---|---|---|
r-devel-linux-x86_64-debian-clang | 2.3.1 | 7.43 | 47.82 | 55.25 | NOTE | |
r-devel-linux-x86_64-debian-gcc | 2.3.1 | 3.71 | 37.50 | 41.21 | NOTE | |
r-devel-linux-x86_64-fedora-clang | 2.3.1 | 68.21 | NOTE | |||
r-devel-linux-x86_64-fedora-gcc | 2.3.1 | 65.49 | NOTE | |||
r-devel-windows-x86_64 | 2.3.1 | 10.00 | 71.00 | 81.00 | NOTE | |
r-patched-linux-x86_64 | 2.3.1 | 8.69 | 47.24 | 55.93 | NOTE | |
r-release-linux-x86_64 | 2.3.1 | 5.96 | 47.85 | 53.81 | NOTE | |
r-release-macos-arm64 | 2.3.1 | 25.00 | NOTE | |||
r-release-macos-x86_64 | 2.3.1 | 44.00 | NOTE | |||
r-release-windows-x86_64 | 2.3.1 | 7.00 | 72.00 | 79.00 | NOTE | |
r-oldrel-macos-arm64 | 2.3.1 | 31.00 | NOTE | |||
r-oldrel-macos-x86_64 | 2.3.1 | 63.00 | NOTE | |||
r-oldrel-windows-x86_64 | 2.3.1 | 9.00 | 78.00 | 87.00 | NOTE |
Version: 2.3.1
Check: package dependencies
Result: NOTE
Package suggested but not available for checking: ‘spDataLarge’
Flavors: r-devel-linux-x86_64-debian-clang, r-devel-linux-x86_64-debian-gcc, r-devel-linux-x86_64-fedora-clang, r-devel-linux-x86_64-fedora-gcc, r-devel-windows-x86_64, r-patched-linux-x86_64, r-release-linux-x86_64, r-release-macos-arm64, r-release-macos-x86_64, r-release-windows-x86_64, r-oldrel-macos-arm64, r-oldrel-macos-x86_64, r-oldrel-windows-x86_64
Version: 2.3.1
Check: installed package size
Result: NOTE
installed size is 7.7Mb
sub-directories of 1Mb or more:
data 2.5Mb
shapes 4.4Mb
Flavors: r-devel-linux-x86_64-fedora-clang, r-devel-windows-x86_64, r-release-macos-arm64, r-release-macos-x86_64, r-release-windows-x86_64, r-oldrel-macos-arm64, r-oldrel-macos-x86_64, r-oldrel-windows-x86_64
Version: 2.3.1
Check: data for non-ASCII characters
Result: NOTE
Note: found 56 marked UTF-8 strings
Flavors: r-devel-linux-x86_64-fedora-clang, r-devel-linux-x86_64-fedora-gcc