Last updated on 2024-06-17 06:50:32 CEST.
Flavor | Version | Tinstall | Tcheck | Ttotal | Status | Flags |
---|---|---|---|---|---|---|
r-devel-linux-x86_64-debian-clang | 0.3.3 | 37.89 | 30.61 | 68.50 | OK | |
r-devel-linux-x86_64-debian-gcc | 0.3.3 | 23.78 | 23.53 | 47.31 | OK | |
r-devel-linux-x86_64-fedora-clang | 0.3.3 | 90.11 | OK | |||
r-devel-linux-x86_64-fedora-gcc | 0.3.3 | 89.71 | OK | |||
r-devel-windows-x86_64 | 0.3.3 | 29.00 | 64.00 | 93.00 | OK | |
r-patched-linux-x86_64 | 0.3.3 | 32.18 | 29.88 | 62.06 | OK | |
r-release-linux-x86_64 | 0.3.3 | 31.64 | 29.26 | 60.90 | OK | |
r-release-macos-arm64 | 0.3.3 | 37.00 | NOTE | |||
r-release-macos-x86_64 | 0.3.3 | 36.00 | NOTE | |||
r-release-windows-x86_64 | 0.3.3 | 28.00 | 67.00 | 95.00 | OK | |
r-oldrel-macos-arm64 | 0.3.3 | 44.00 | NOTE | |||
r-oldrel-macos-x86_64 | 0.3.3 | 90.00 | NOTE | |||
r-oldrel-windows-x86_64 | 0.3.3 | 28.00 | 72.00 | 100.00 | OK |
Version: 0.3.3
Check: installed package size
Result: NOTE
installed size is 5.2Mb
sub-directories of 1Mb or more:
include 2.1Mb
libs 3.0Mb
Flavors: r-release-macos-arm64, r-release-macos-x86_64, r-oldrel-macos-arm64, r-oldrel-macos-x86_64