Last updated on 2025-05-03 21:51:33 CEST.
Flavor | Version | Tinstall | Tcheck | Ttotal | Status | Flags |
---|---|---|---|---|---|---|
r-devel-linux-x86_64-debian-clang | 0.1.1 | 6.56 | 52.63 | 59.19 | OK | |
r-devel-linux-x86_64-debian-gcc | 0.1.1 | 4.51 | 37.62 | 42.13 | OK | |
r-devel-linux-x86_64-fedora-clang | 0.1.1 | 90.30 | OK | |||
r-devel-linux-x86_64-fedora-gcc | 0.1.1 | 81.72 | OK | |||
r-devel-windows-x86_64 | 0.1.1 | 8.00 | 64.00 | 72.00 | OK | |
r-patched-linux-x86_64 | 0.1.1 | 5.96 | 47.28 | 53.24 | OK | |
r-release-linux-x86_64 | OK | |||||
r-release-macos-arm64 | 0.1.1 | 28.00 | OK | |||
r-release-macos-x86_64 | 0.1.1 | 57.00 | OK | |||
r-release-windows-x86_64 | 0.1.1 | 7.00 | 64.00 | 71.00 | OK | |
r-oldrel-macos-arm64 | 0.1.1 | 27.00 | NOTE | |||
r-oldrel-macos-x86_64 | 0.1.1 | 40.00 | NOTE | |||
r-oldrel-windows-x86_64 | 0.1.1 | 9.00 | 79.00 | 88.00 | NOTE |
Version: 0.1.1
Check: LazyData
Result: NOTE
'LazyData' is specified without a 'data' directory
Flavors: r-oldrel-macos-arm64, r-oldrel-macos-x86_64, r-oldrel-windows-x86_64