Last updated on 2025-07-21 21:51:17 CEST.
Flavor | Version | Tinstall | Tcheck | Ttotal | Status | Flags |
---|---|---|---|---|---|---|
r-devel-linux-x86_64-debian-clang | 0.6-9 | 3.75 | 25.48 | 29.23 | NOTE | |
r-devel-linux-x86_64-debian-gcc | 0.6-9 | 2.76 | 20.10 | 22.86 | NOTE | |
r-devel-linux-x86_64-fedora-clang | 0.6-9 | 46.82 | OK | |||
r-devel-linux-x86_64-fedora-gcc | 0.6-9 | 44.93 | OK | |||
r-devel-windows-x86_64 | 0.6-9 | 6.00 | 41.00 | 47.00 | OK | |
r-patched-linux-x86_64 | 0.6-9 | 3.96 | 24.27 | 28.23 | OK | |
r-release-linux-x86_64 | 0.6-9 | 3.94 | 24.58 | 28.52 | OK | |
r-release-macos-arm64 | 0.6-9 | 17.00 | OK | |||
r-release-macos-x86_64 | 0.6-9 | 29.00 | OK | |||
r-release-windows-x86_64 | 0.6-9 | 5.00 | 45.00 | 50.00 | OK | |
r-oldrel-macos-arm64 | 0.6-9 | 22.00 | OK | |||
r-oldrel-macos-x86_64 | 0.6-9 | 26.00 | OK | |||
r-oldrel-windows-x86_64 | 0.6-9 | 4.00 | 40.00 | 44.00 | OK |
Version: 0.6-9
Check: CRAN incoming feasibility
Result: NOTE
Maintainer: ‘David Clifford <david.clifford+CRAN@gmail.com>’
No Authors@R field in DESCRIPTION.
Please add one, modifying
Authors@R: person(given = "David",
family = "Clifford",
role = c("aut", "cre"),
email = "david.clifford+CRAN@gmail.com")
as necessary.
Flavors: r-devel-linux-x86_64-debian-clang, r-devel-linux-x86_64-debian-gcc