Last updated on 2024-06-17 06:50:32 CEST.
Flavor | Version | Tinstall | Tcheck | Ttotal | Status | Flags |
---|---|---|---|---|---|---|
r-devel-linux-x86_64-debian-clang | 0.6.0 | 9.94 | 96.49 | 106.43 | OK | |
r-devel-linux-x86_64-debian-gcc | 0.6.0 | 6.37 | 74.16 | 80.53 | OK | |
r-devel-linux-x86_64-fedora-clang | 0.6.0 | 132.57 | NOTE | |||
r-devel-linux-x86_64-fedora-gcc | 0.6.0 | 125.84 | OK | |||
r-devel-windows-x86_64 | 0.6.0 | 8.00 | 85.00 | 93.00 | OK | |
r-patched-linux-x86_64 | 0.6.0 | 6.82 | 98.13 | 104.95 | OK | |
r-release-linux-x86_64 | 0.6.0 | 7.02 | 94.43 | 101.45 | OK | |
r-release-macos-arm64 | 0.6.0 | 37.00 | OK | |||
r-release-macos-x86_64 | 0.6.0 | 59.00 | OK | |||
r-release-windows-x86_64 | 0.6.0 | 10.00 | 94.00 | 104.00 | OK | |
r-oldrel-macos-arm64 | 0.6.0 | 40.00 | OK | |||
r-oldrel-macos-x86_64 | 0.6.0 | 64.00 | OK | |||
r-oldrel-windows-x86_64 | 0.6.0 | 10.00 | 102.00 | 112.00 | OK |
Version: 0.6.0
Check: Rd cross-references
Result: NOTE
Undeclared package ‘vctrs’ in Rd xrefs
Flavor: r-devel-linux-x86_64-fedora-clang