Last updated on 2025-05-03 21:51:33 CEST.
Flavor | Version | Tinstall | Tcheck | Ttotal | Status | Flags |
---|---|---|---|---|---|---|
r-devel-linux-x86_64-debian-clang | 1.1 | 3.83 | 44.23 | 48.06 | NOTE | |
r-devel-linux-x86_64-debian-gcc | 1.1 | 2.65 | 34.83 | 37.48 | NOTE | |
r-devel-linux-x86_64-fedora-clang | 1.1 | 76.78 | OK | |||
r-devel-linux-x86_64-fedora-gcc | 1.1 | 332.44 | OK | |||
r-devel-windows-x86_64 | 1.1 | 5.00 | 69.00 | 74.00 | OK | |
r-patched-linux-x86_64 | 1.1 | 4.36 | 44.72 | 49.08 | OK | |
r-release-linux-x86_64 | OK | |||||
r-release-macos-arm64 | 1.1 | 90.00 | OK | |||
r-release-macos-x86_64 | 1.1 | 192.00 | OK | |||
r-release-windows-x86_64 | 1.1 | 5.00 | 69.00 | 74.00 | OK | |
r-oldrel-macos-arm64 | 1.1 | 82.00 | OK | |||
r-oldrel-macos-x86_64 | 1.1 | 152.00 | OK | |||
r-oldrel-windows-x86_64 | 1.1 | 5.00 | 85.00 | 90.00 | OK |
Version: 1.1
Check: CRAN incoming feasibility
Result: NOTE
Maintainer: ‘Axel Gandy <a.gandy@imperial.ac.uk>’
No Authors@R field in DESCRIPTION.
Please add one, modifying
Authors@R: c(person(given = "Axel",
family = "Gandy",
role = c("aut", "cre"),
email = "a.gandy@imperial.ac.uk"),
person(given = c("Jan", "Terje"),
family = "Kvaloy.",
role = "aut",
email = "jan.t.kvaloy@uis.no"))
as necessary.
Package CITATION file contains call(s) to old-style personList() or
as.personList(). Please use c() on person objects instead.
Package CITATION file contains call(s) to old-style citEntry(). Please
use bibentry() instead.
Flavors: r-devel-linux-x86_64-debian-clang, r-devel-linux-x86_64-debian-gcc