Last updated on 2025-05-03 21:51:33 CEST.
Flavor | Version | Tinstall | Tcheck | Ttotal | Status | Flags |
---|---|---|---|---|---|---|
r-devel-linux-x86_64-debian-clang | 2.7.0 | 10.45 | 177.19 | 187.64 | NOTE | |
r-devel-linux-x86_64-debian-gcc | 2.7.0 | 7.26 | 122.76 | 130.02 | NOTE | |
r-devel-linux-x86_64-fedora-clang | 2.7.0 | 304.16 | NOTE | |||
r-devel-linux-x86_64-fedora-gcc | 2.7.0 | 290.56 | NOTE | |||
r-devel-windows-x86_64 | 2.7.0 | 13.00 | 318.00 | 331.00 | NOTE | |
r-patched-linux-x86_64 | 2.7.0 | 10.77 | 166.82 | 177.59 | NOTE | |
r-release-linux-x86_64 | NOTE | |||||
r-release-macos-arm64 | 2.7.0 | 171.00 | NOTE | |||
r-release-macos-x86_64 | 2.7.0 | 296.00 | NOTE | |||
r-release-windows-x86_64 | 2.7.0 | 14.00 | 318.00 | 332.00 | NOTE | |
r-oldrel-macos-arm64 | 2.7.0 | 146.00 | NOTE | |||
r-oldrel-macos-x86_64 | 2.7.0 | 268.00 | NOTE | |||
r-oldrel-windows-x86_64 | 2.7.0 | 16.00 | 441.00 | 457.00 | NOTE |
Version: 2.7.0
Check: CRAN incoming feasibility
Result: NOTE
Maintainer: ‘Charlie Beirnaert <charlie_beirnaert@icloud.com>’
No Authors@R field in DESCRIPTION.
Please add one, modifying
Authors@R: c(person(given = "Charlie",
family = "Beirnaert",
role = c("aut", "cre"),
email = "charlie_beirnaert@icloud.com"),
person(given = c("Trung", "Nghia"),
family = "Vu",
role = "aut"),
person(given = "Pieter",
family = "Meysman",
role = "aut"),
person(given = "Kris",
family = "Laukens",
role = "aut"),
person(given = "Dirk",
family = "Valkenborg",
role = "aut"))
as necessary.
Flavors: r-devel-linux-x86_64-debian-clang, r-devel-linux-x86_64-debian-gcc
Version: 2.7.0
Check: Rd files
Result: NOTE
checkRd: (-1) findRef.Rd:39: Lost braces
39 | Vu TN, Valkenborg D, Smets K, Verwaest KA, Dommisse R, Lemi\`{e}re F, Verschoren A, Goethals B, Laukens K. (2011) An integrated workflow for robust alignment and simplified quantitative analysis of NMR spectrometry data. BMC Bioinformatics. 2011 Oct 20;12:405.
| ^
checkRd: (-1) hClustAlign.Rd:70: Lost braces
70 | Vu TN, Valkenborg D, Smets K, Verwaest KA, Dommisse R, Lemi\`{e}re F, Verschoren A, Goethals B, Laukens K. (2011) An integrated workflow for robust alignment and simplified quantitative analysis of NMR spectrometry data. BMC Bioinformatics. 2011 Oct 20;12:405.
| ^
Flavors: r-devel-linux-x86_64-debian-clang, r-devel-linux-x86_64-debian-gcc, r-devel-linux-x86_64-fedora-clang, r-devel-linux-x86_64-fedora-gcc, r-devel-windows-x86_64, r-patched-linux-x86_64, r-release-linux-x86_64, r-release-macos-arm64, r-release-macos-x86_64, r-release-windows-x86_64, r-oldrel-macos-arm64, r-oldrel-macos-x86_64, r-oldrel-windows-x86_64