Last updated on 2025-05-06 06:50:08 CEST.
Flavor | Version | Tinstall | Tcheck | Ttotal | Status | Flags |
---|---|---|---|---|---|---|
r-devel-linux-x86_64-debian-clang | 2.0 | 3.67 | 35.01 | 38.68 | NOTE | |
r-devel-linux-x86_64-debian-gcc | 2.0 | 2.93 | 27.27 | 30.20 | NOTE | |
r-devel-linux-x86_64-fedora-clang | 2.0 | 61.19 | OK | |||
r-devel-linux-x86_64-fedora-gcc | 2.0 | 59.21 | OK | |||
r-devel-windows-x86_64 | 2.0 | 5.00 | 62.00 | 67.00 | OK | |
r-patched-linux-x86_64 | 2.0 | 4.22 | 34.10 | 38.32 | OK | |
r-release-linux-x86_64 | 2.0 | 3.74 | 33.55 | 37.29 | OK | |
r-release-macos-arm64 | 2.0 | 22.00 | OK | |||
r-release-macos-x86_64 | 2.0 | 37.00 | OK | |||
r-release-windows-x86_64 | 2.0 | 6.00 | 63.00 | 69.00 | OK | |
r-oldrel-macos-arm64 | 2.0 | 21.00 | OK | |||
r-oldrel-macos-x86_64 | 2.0 | 28.00 | OK | |||
r-oldrel-windows-x86_64 | 2.0 | 4.00 | 68.00 | 72.00 | OK |
Version: 2.0
Check: CRAN incoming feasibility
Result: NOTE
Maintainer: ‘Martin Seilmayer <martin.seilmayer@gmail.com>’
No Authors@R field in DESCRIPTION.
Please add one, modifying
Authors@R: person(given = "Martin",
family = "Seilmayer",
role = c("aut", "cre"),
email = "martin.seilmayer@gmail.com")
as necessary.
Flavors: r-devel-linux-x86_64-debian-clang, r-devel-linux-x86_64-debian-gcc