Last updated on 2025-05-06 06:50:08 CEST.
Flavor | Version | Tinstall | Tcheck | Ttotal | Status | Flags |
---|---|---|---|---|---|---|
r-devel-linux-x86_64-debian-clang | 1.1 | 8.55 | 69.49 | 78.04 | NOTE | |
r-devel-linux-x86_64-debian-gcc | 1.1 | 6.01 | 52.69 | 58.70 | NOTE | |
r-devel-linux-x86_64-fedora-clang | 1.1 | 119.74 | OK | |||
r-devel-linux-x86_64-fedora-gcc | 1.1 | 113.62 | OK | |||
r-devel-windows-x86_64 | 1.1 | 8.00 | 84.00 | 92.00 | OK | |
r-patched-linux-x86_64 | 1.1 | 8.32 | 66.77 | 75.09 | OK | |
r-release-linux-x86_64 | 1.1 | 8.03 | 67.44 | 75.47 | OK | |
r-release-macos-arm64 | 1.1 | 37.00 | OK | |||
r-release-macos-x86_64 | 1.1 | 90.00 | OK | |||
r-release-windows-x86_64 | 1.1 | 10.00 | 84.00 | 94.00 | OK | |
r-oldrel-macos-arm64 | 1.1 | 35.00 | OK | |||
r-oldrel-macos-x86_64 | 1.1 | 52.00 | OK | |||
r-oldrel-windows-x86_64 | 1.1 | 12.00 | 98.00 | 110.00 | OK |
Version: 1.1
Check: CRAN incoming feasibility
Result: NOTE
Maintainer: ‘Arturas Rozenas <ar199@nyu.edu>’
No Authors@R field in DESCRIPTION.
Please add one, modifying
Authors@R: person(given = "Arturas",
family = "Rozenas",
role = c("aut", "cre"),
email = "ar199@nyu.edu")
as necessary.
Flavors: r-devel-linux-x86_64-debian-clang, r-devel-linux-x86_64-debian-gcc