CRAN Package Check Results for Package splitSelect

Last updated on 2025-05-03 12:54:56 CEST.

Flavor Version Tinstall Tcheck Ttotal Status Flags
r-devel-linux-x86_64-debian-clang 1.0.3 2.76 31.40 34.16 NOTE
r-devel-linux-x86_64-debian-gcc 1.0.3 2.04 23.67 25.71 NOTE
r-devel-linux-x86_64-fedora-clang 1.0.3 52.03 OK
r-devel-linux-x86_64-fedora-gcc 1.0.3 48.81 OK
r-devel-windows-x86_64 1.0.3 4.00 51.00 55.00 OK
r-patched-linux-x86_64 1.0.3 2.59 28.78 31.37 OK
r-release-linux-x86_64 OK
r-release-macos-arm64 1.0.3 24.00 OK
r-release-macos-x86_64 1.0.3 34.00 OK
r-release-windows-x86_64 1.0.3 4.00 52.00 56.00 OK
r-oldrel-macos-arm64 1.0.3 20.00 OK
r-oldrel-macos-x86_64 1.0.3 28.00 OK
r-oldrel-windows-x86_64 1.0.3 5.00 62.00 67.00 OK

Check Details

Version: 1.0.3
Check: CRAN incoming feasibility
Result: NOTE Maintainer: ‘Anthony Christidis <anthony.christidis@stat.ubc.ca>’ No Authors@R field in DESCRIPTION. Please add one, modifying Authors@R: c(person(given = "Anthony", family = "Christidis", role = c("aut", "cre"), email = "anthony.christidis@stat.ubc.ca"), person(given = "Stefan", family = "Van Aelst", role = "aut", email = "stefan.vanaelst@kuleuven.be"), person(given = "Ruben", family = "Zamar", role = "aut", email = "ruben@stat.ubc.ca")) as necessary. The Description field contains Christidis, Van Aelst and Zamar (2019) <arXiv:1812.05678>. Please refer to arXiv e-prints via their arXiv DOI <doi:10.48550/arXiv.YYMM.NNNNN>. Flavors: r-devel-linux-x86_64-debian-clang, r-devel-linux-x86_64-debian-gcc