Last updated on 2025-05-03 12:54:56 CEST.
Flavor | Version | Tinstall | Tcheck | Ttotal | Status | Flags |
---|---|---|---|---|---|---|
r-devel-linux-x86_64-debian-clang | 1.2.3 | 10.52 | 75.39 | 85.91 | NOTE | |
r-devel-linux-x86_64-debian-gcc | 1.2.3 | 8.04 | 52.01 | 60.05 | NOTE | |
r-devel-linux-x86_64-fedora-clang | 1.2.3 | 123.72 | OK | |||
r-devel-linux-x86_64-fedora-gcc | 1.2.3 | 124.37 | OK | |||
r-devel-windows-x86_64 | 1.2.3 | 13.00 | 92.00 | 105.00 | NOTE | |
r-patched-linux-x86_64 | 1.2.3 | 11.05 | 69.93 | 80.98 | NOTE | |
r-release-linux-x86_64 | NOTE | |||||
r-release-macos-arm64 | 1.2.3 | 35.00 | OK | |||
r-release-macos-x86_64 | 1.2.3 | 66.00 | OK | |||
r-release-windows-x86_64 | 1.2.3 | 11.00 | 93.00 | 104.00 | NOTE | |
r-oldrel-macos-arm64 | 1.2.3 | 37.00 | OK | |||
r-oldrel-macos-x86_64 | 1.2.3 | 89.00 | OK | |||
r-oldrel-windows-x86_64 | 1.2.3 | 15.00 | 110.00 | 125.00 | OK |
Version: 1.2.3
Check: Rd cross-references
Result: NOTE
Found the following Rd file(s) with Rd \link{} targets missing package
anchors:
as.idigbio.Rd: idig_search_records
Please provide package anchors for all Rd \link{} targets not in the
package itself and the base packages.
Flavors: r-devel-linux-x86_64-debian-clang, r-devel-linux-x86_64-debian-gcc, r-devel-windows-x86_64, r-patched-linux-x86_64, r-release-linux-x86_64, r-release-windows-x86_64