Last updated on 2025-05-03 12:54:56 CEST.
Flavor | Version | Tinstall | Tcheck | Ttotal | Status | Flags |
---|---|---|---|---|---|---|
r-devel-linux-x86_64-debian-clang | 2.2.5 | 7.89 | 69.20 | 77.09 | OK | |
r-devel-linux-x86_64-debian-gcc | 2.2.5 | 5.20 | 48.82 | 54.02 | OK | |
r-devel-linux-x86_64-fedora-clang | 2.2.5 | 114.75 | OK | |||
r-devel-linux-x86_64-fedora-gcc | 2.2.5 | 106.53 | OK | |||
r-devel-windows-x86_64 | 2.2.5 | 10.00 | 90.00 | 100.00 | OK | |
r-patched-linux-x86_64 | 2.2.5 | 8.66 | 61.40 | 70.06 | OK | |
r-release-linux-x86_64 | OK | |||||
r-release-macos-arm64 | 2.2.5 | 35.00 | OK | |||
r-release-macos-x86_64 | 2.2.5 | 59.00 | OK | |||
r-release-windows-x86_64 | 2.2.5 | 9.00 | 91.00 | 100.00 | OK | |
r-oldrel-macos-arm64 | 2.2.5 | 42.00 | OK | |||
r-oldrel-macos-x86_64 | 2.2.5 | 59.00 | OK | |||
r-oldrel-windows-x86_64 | 2.2.5 | 13.00 | 111.00 | 124.00 | ERROR |
Version: 2.2.5
Check: examples
Result: ERROR
Running examples in 'spotifyr-Ex.R' failed
The error most likely occurred in:
> ### Name: scopes
> ### Title: Valid Authorization Scopes
> ### Aliases: scopes
>
> ### ** Examples
>
> scopes()
Error in open.connection(x, "rb") : cannot open the connection
Calls: scopes ... xml_text -> <Anonymous> -> <Anonymous> -> read_html.default
Execution halted
Flavor: r-oldrel-windows-x86_64