Last updated on 2024-06-16 11:58:08 CEST.
Flavor | Version | Tinstall | Tcheck | Ttotal | Status | Flags |
---|---|---|---|---|---|---|
r-devel-linux-x86_64-debian-clang | 0.1 | 2.98 | 90.77 | 93.75 | OK | |
r-devel-linux-x86_64-debian-gcc | 0.1 | 2.11 | 65.62 | 67.73 | OK | |
r-devel-linux-x86_64-fedora-clang | 0.1 | 118.60 | NOTE | |||
r-devel-linux-x86_64-fedora-gcc | 0.1 | 127.82 | OK | |||
r-devel-windows-x86_64 | 0.1 | 5.00 | 93.00 | 98.00 | OK | |
r-patched-linux-x86_64 | 0.1 | 2.49 | 85.38 | 87.87 | OK | |
r-release-linux-x86_64 | 0.1 | 2.25 | 84.89 | 87.14 | OK | |
r-release-macos-arm64 | 0.1 | 45.00 | OK | |||
r-release-macos-x86_64 | 0.1 | 71.00 | OK | |||
r-release-windows-x86_64 | 0.1 | 5.00 | 94.00 | 99.00 | OK | |
r-oldrel-macos-arm64 | 0.1 | 46.00 | OK | |||
r-oldrel-macos-x86_64 | 0.1 | 114.00 | OK | |||
r-oldrel-windows-x86_64 | 0.1 | 5.00 | 115.00 | 120.00 | OK |
Version: 0.1
Check: Rd cross-references
Result: NOTE
Undeclared package ‘pkgbuild’ in Rd xrefs
Flavor: r-devel-linux-x86_64-fedora-clang