Last updated on 2024-06-17 06:50:33 CEST.
Flavor | Version | Tinstall | Tcheck | Ttotal | Status | Flags |
---|---|---|---|---|---|---|
r-devel-linux-x86_64-debian-clang | 0.1-5 | 11.33 | 164.08 | 175.41 | OK | |
r-devel-linux-x86_64-debian-gcc | 0.1-5 | 8.78 | 118.81 | 127.59 | OK | |
r-devel-linux-x86_64-fedora-clang | 0.1-5 | 212.31 | NOTE | |||
r-devel-linux-x86_64-fedora-gcc | 0.1-5 | 214.78 | NOTE | |||
r-devel-windows-x86_64 | 0.1-5 | 11.00 | 124.00 | 135.00 | OK | |
r-patched-linux-x86_64 | 0.1-5 | 16.07 | 154.40 | 170.47 | OK | |
r-release-linux-x86_64 | 0.1-5 | 13.25 | 155.29 | 168.54 | OK | |
r-release-macos-arm64 | 0.1-5 | 61.00 | OK | |||
r-release-macos-x86_64 | 0.1-5 | 100.00 | OK | |||
r-release-windows-x86_64 | 0.1-5 | 11.00 | 126.00 | 137.00 | OK | |
r-oldrel-macos-arm64 | 0.1-5 | 65.00 | OK | |||
r-oldrel-macos-x86_64 | 0.1-5 | 124.00 | OK | |||
r-oldrel-windows-x86_64 | 0.1-5 | 14.00 | 161.00 | 175.00 | OK |
Version: 0.1-5
Check: data for non-ASCII characters
Result: NOTE
Note: found 123 marked UTF-8 strings
Flavors: r-devel-linux-x86_64-fedora-clang, r-devel-linux-x86_64-fedora-gcc