Last updated on 2025-05-03 12:54:56 CEST.
Flavor | Version | Tinstall | Tcheck | Ttotal | Status | Flags |
---|---|---|---|---|---|---|
r-devel-linux-x86_64-debian-clang | 0.1.0 | 3.75 | 47.91 | 51.66 | NOTE | |
r-devel-linux-x86_64-debian-gcc | 0.1.0 | 2.66 | 36.83 | 39.49 | OK | |
r-devel-linux-x86_64-fedora-clang | 0.1.0 | 81.50 | OK | |||
r-devel-linux-x86_64-fedora-gcc | 0.1.0 | 82.55 | OK | |||
r-devel-windows-x86_64 | 0.1.0 | 5.00 | 66.00 | 71.00 | OK | |
r-patched-linux-x86_64 | 0.1.0 | 3.90 | 41.54 | 45.44 | OK | |
r-release-linux-x86_64 | OK | |||||
r-release-macos-arm64 | 0.1.0 | 75.00 | OK | |||
r-release-macos-x86_64 | 0.1.0 | 67.00 | OK | |||
r-release-windows-x86_64 | 0.1.0 | 6.00 | 68.00 | 74.00 | OK | |
r-oldrel-macos-arm64 | 0.1.0 | 31.00 | OK | |||
r-oldrel-macos-x86_64 | 0.1.0 | 45.00 | OK | |||
r-oldrel-windows-x86_64 | 0.1.0 | 7.00 | 82.00 | 89.00 | OK |
Version: 0.1.0
Check: examples
Result: NOTE
Examples with CPU time > 2.5 times elapsed time
user system elapsed ratio
cv_xgboost 5.532 0.28 2.277 2.552
Flavor: r-devel-linux-x86_64-debian-clang