Last updated on 2025-07-22 06:49:38 CEST.
Flavor | Version | Tinstall | Tcheck | Ttotal | Status | Flags |
---|---|---|---|---|---|---|
r-devel-linux-x86_64-debian-clang | 1.2.2 | 64.02 | 37.65 | 101.67 | OK | |
r-devel-linux-x86_64-debian-gcc | 1.2.2 | 52.12 | 34.72 | 86.84 | OK | |
r-devel-linux-x86_64-fedora-clang | 1.2.2 | 152.11 | OK | |||
r-devel-linux-x86_64-fedora-gcc | 1.2.2 | 182.38 | OK | |||
r-devel-windows-x86_64 | 1.2.2 | 62.00 | 73.00 | 135.00 | OK | |
r-patched-linux-x86_64 | 1.2.2 | 71.21 | 43.21 | 114.42 | OK | |
r-release-linux-x86_64 | 1.2.2 | 69.45 | 43.29 | 112.74 | OK | |
r-release-macos-arm64 | 1.2.2 | 61.00 | OK | |||
r-release-macos-x86_64 | 1.2.2 | 105.00 | OK | |||
r-release-windows-x86_64 | 1.2.2 | 64.00 | 86.00 | 150.00 | OK | |
r-oldrel-macos-arm64 | 1.2.2 | 52.00 | NOTE | |||
r-oldrel-macos-x86_64 | 1.2.2 | 133.00 | NOTE | |||
r-oldrel-windows-x86_64 | 1.2.2 | 77.00 | 98.00 | 175.00 | OK |
Version: 1.2.2
Check: installed package size
Result: NOTE
installed size is 35.7Mb
sub-directories of 1Mb or more:
libs 35.1Mb
Flavors: r-oldrel-macos-arm64, r-oldrel-macos-x86_64