Last updated on 2025-05-03 12:54:56 CEST.
Flavor | Version | Tinstall | Tcheck | Ttotal | Status | Flags |
---|---|---|---|---|---|---|
r-devel-linux-x86_64-debian-clang | 3.2.2 | 7.12 | 126.42 | 133.54 | NOTE | |
r-devel-linux-x86_64-debian-gcc | 3.2.2 | 5.64 | 106.93 | 112.57 | NOTE | |
r-devel-linux-x86_64-fedora-clang | 3.2.2 | 232.00 | NOTE | |||
r-devel-linux-x86_64-fedora-gcc | 3.2.2 | 219.42 | NOTE | |||
r-devel-windows-x86_64 | 3.2.2 | 9.00 | 154.00 | 163.00 | NOTE | |
r-patched-linux-x86_64 | 3.2.2 | 7.46 | 125.11 | 132.57 | NOTE | |
r-release-linux-x86_64 | NOTE | |||||
r-release-macos-arm64 | 3.2.2 | 193.00 | NOTE | |||
r-release-macos-x86_64 | 3.2.2 | 332.00 | NOTE | |||
r-release-windows-x86_64 | 3.2.2 | 9.00 | 155.00 | 164.00 | NOTE | |
r-oldrel-macos-arm64 | 3.2.2 | 150.00 | NOTE | |||
r-oldrel-macos-x86_64 | 3.2.2 | 223.00 | NOTE | |||
r-oldrel-windows-x86_64 | 3.2.2 | 10.00 | 180.00 | 190.00 | NOTE |
Version: 3.2.2
Check: Rd files
Result: NOTE
checkRd: (-1) get_fields.Rd:27: Lost braces
27 | codes, the function will return a warning by default, suggesting setting \code{convert_field_names} to code{TRUE}.
| ^
checkRd: (-1) identify_form_fields.Rd:34: Lost braces
34 | codes, the function will return a warning by default, suggesting setting \code{convert_field_names} to code{TRUE}.
| ^
Flavors: r-devel-linux-x86_64-debian-clang, r-devel-linux-x86_64-debian-gcc, r-devel-linux-x86_64-fedora-clang, r-devel-linux-x86_64-fedora-gcc, r-devel-windows-x86_64, r-patched-linux-x86_64, r-release-linux-x86_64, r-release-macos-arm64, r-release-macos-x86_64, r-release-windows-x86_64, r-oldrel-macos-arm64, r-oldrel-macos-x86_64, r-oldrel-windows-x86_64