Last updated on 2024-06-17 06:50:33 CEST.
Flavor | Version | Tinstall | Tcheck | Ttotal | Status | Flags |
---|---|---|---|---|---|---|
r-devel-linux-x86_64-debian-clang | 0.1.0 | 5.11 | 40.08 | 45.19 | OK | |
r-devel-linux-x86_64-debian-gcc | 0.1.0 | 3.27 | 29.68 | 32.95 | OK | |
r-devel-linux-x86_64-fedora-clang | 0.1.0 | 57.17 | NOTE | |||
r-devel-linux-x86_64-fedora-gcc | 0.1.0 | 80.38 | NOTE | |||
r-devel-windows-x86_64 | 0.1.0 | 4.00 | 60.00 | 64.00 | OK | |
r-patched-linux-x86_64 | 0.1.0 | 5.26 | 38.80 | 44.06 | OK | |
r-release-linux-x86_64 | 0.1.0 | 4.87 | 38.11 | 42.98 | OK | |
r-release-macos-arm64 | 0.1.0 | 32.00 | OK | |||
r-release-macos-x86_64 | 0.1.0 | 56.00 | OK | |||
r-release-windows-x86_64 | 0.1.0 | 5.00 | 61.00 | 66.00 | OK | |
r-oldrel-macos-arm64 | 0.1.0 | 33.00 | OK | |||
r-oldrel-macos-x86_64 | 0.1.0 | 50.00 | OK | |||
r-oldrel-windows-x86_64 | 0.1.0 | 6.00 | 61.00 | 67.00 | OK |
Version: 0.1.0
Check: dependencies in R code
Result: NOTE
Namespace in Imports field not imported from: ‘Matrix’
All declared Imports should be used.
Flavors: r-devel-linux-x86_64-fedora-clang, r-devel-linux-x86_64-fedora-gcc