Last updated on 2025-07-25 12:50:19 CEST.
Flavor | Version | Tinstall | Tcheck | Ttotal | Status | Flags |
---|---|---|---|---|---|---|
r-devel-linux-x86_64-debian-clang | 0.3.3 | 8.98 | 86.30 | 95.28 | OK | |
r-devel-linux-x86_64-debian-gcc | 0.3.3 | 6.03 | 62.61 | 68.64 | OK | |
r-devel-linux-x86_64-fedora-clang | 0.3.3 | 148.04 | OK | |||
r-devel-linux-x86_64-fedora-gcc | 0.3.3 | 154.37 | OK | |||
r-devel-windows-x86_64 | 0.3.3 | 11.00 | 92.00 | 103.00 | OK | |
r-patched-linux-x86_64 | 0.3.2 | 7.26 | 81.29 | 88.55 | NOTE | |
r-release-linux-x86_64 | 0.3.2 | 9.31 | 80.26 | 89.57 | NOTE | |
r-release-macos-arm64 | 0.3.2 | 50.00 | NOTE | |||
r-release-macos-x86_64 | 0.3.3 | 95.00 | OK | |||
r-release-windows-x86_64 | 0.3.3 | 11.00 | 99.00 | 110.00 | OK | |
r-oldrel-macos-arm64 | 0.3.2 | 45.00 | OK | |||
r-oldrel-macos-x86_64 | 0.3.3 | 102.00 | OK | |||
r-oldrel-windows-x86_64 | 0.3.3 | 14.00 | 112.00 | 126.00 | OK |
Version: 0.3.2
Check: DESCRIPTION meta-information
Result: NOTE
Missing dependency on R >= 4.1.0 because package code uses the pipe
|> or function shorthand \(...) syntax added in R 4.1.0.
File(s) using such syntax:
‘quote_tags.Rd’
Flavors: r-patched-linux-x86_64, r-release-linux-x86_64, r-release-macos-arm64
Version: 0.3.2
Check: Rd cross-references
Result: NOTE
Found the following Rd file(s) with Rd \link{} targets missing package
anchors:
quote_cloud.Rd: wordcloud
Please provide package anchors for all Rd \link{} targets not in the
package itself and the base packages.
Flavors: r-patched-linux-x86_64, r-release-linux-x86_64