Last updated on 2024-06-17 06:50:33 CEST.
Flavor | Version | Tinstall | Tcheck | Ttotal | Status | Flags |
---|---|---|---|---|---|---|
r-devel-linux-x86_64-debian-clang | 0.9.6 | 118.90 | 178.60 | 297.50 | OK | |
r-devel-linux-x86_64-debian-gcc | 0.9.6 | 106.01 | 125.40 | 231.41 | OK | |
r-devel-linux-x86_64-fedora-clang | 0.9.6 | 364.96 | OK | |||
r-devel-linux-x86_64-fedora-gcc | 0.9.6 | 414.81 | OK | |||
r-devel-windows-x86_64 | 0.9.6 | 90.00 | 155.00 | 245.00 | OK | |
r-patched-linux-x86_64 | 0.9.6 | 129.30 | 164.34 | 293.64 | OK | |
r-release-linux-x86_64 | 0.9.6 | 129.08 | 167.74 | 296.82 | OK | |
r-release-macos-arm64 | 0.9.6 | 95.00 | NOTE | |||
r-release-macos-x86_64 | 0.9.6 | 119.00 | NOTE | |||
r-release-windows-x86_64 | 0.9.6 | 92.00 | 159.00 | 251.00 | OK | |
r-oldrel-macos-arm64 | 0.9.6 | 97.00 | NOTE | |||
r-oldrel-macos-x86_64 | 0.9.6 | 226.00 | NOTE | |||
r-oldrel-windows-x86_64 | 0.9.6 | 104.00 | 198.00 | 302.00 | OK |
Version: 0.9.6
Check: installed package size
Result: NOTE
installed size is 24.1Mb
sub-directories of 1Mb or more:
libs 23.9Mb
Flavors: r-release-macos-arm64, r-release-macos-x86_64, r-oldrel-macos-arm64, r-oldrel-macos-x86_64