CRAN Package Check Results for Package stoichcalc

Last updated on 2025-05-07 21:54:01 CEST.

Flavor Version Tinstall Tcheck Ttotal Status Flags
r-devel-linux-x86_64-debian-clang 1.1-5 1.36 18.70 20.06 NOTE
r-devel-linux-x86_64-debian-gcc 1.1-5 1.29 15.07 16.36 NOTE
r-devel-linux-x86_64-fedora-clang 1.1-5 31.86 OK
r-devel-linux-x86_64-fedora-gcc 1.1-5 30.53 OK
r-devel-windows-x86_64 1.1-5 2.00 42.00 44.00 OK
r-patched-linux-x86_64 1.1-5 1.67 17.83 19.50 OK
r-release-linux-x86_64 1.1-5 1.72 17.83 19.55 OK
r-release-macos-arm64 1.1-5 16.00 OK
r-release-macos-x86_64 1.1-5 24.00 OK
r-release-windows-x86_64 1.1-5 3.00 46.00 49.00 OK
r-oldrel-macos-arm64 1.1-5 15.00 OK
r-oldrel-macos-x86_64 1.1-5 20.00 OK
r-oldrel-windows-x86_64 1.1-5 2.00 42.00 44.00 OK

Check Details

Version: 1.1-5
Check: CRAN incoming feasibility
Result: NOTE Maintainer: ‘Peter Reichert <peter.reichert@emeriti.eawag.ch>’ No Authors@R field in DESCRIPTION. Please add one, modifying Authors@R: person(given = "Peter", family = "Reichert", role = c("aut", "cre"), email = "peter.reichert@emeriti.eawag.ch") as necessary. Flavors: r-devel-linux-x86_64-debian-clang, r-devel-linux-x86_64-debian-gcc