Last updated on 2025-05-03 21:51:33 CEST.
Flavor | Version | Tinstall | Tcheck | Ttotal | Status | Flags |
---|---|---|---|---|---|---|
r-devel-linux-x86_64-debian-clang | 1.0-3 | 2.41 | 63.67 | 66.08 | NOTE | |
r-devel-linux-x86_64-debian-gcc | 1.0-3 | 1.91 | 46.84 | 48.75 | NOTE | |
r-devel-linux-x86_64-fedora-clang | 1.0-3 | 106.00 | OK | |||
r-devel-linux-x86_64-fedora-gcc | 1.0-3 | 112.29 | OK | |||
r-devel-windows-x86_64 | 1.0-3 | 4.00 | 77.00 | 81.00 | OK | |
r-patched-linux-x86_64 | 1.0-3 | 3.14 | 61.08 | 64.22 | OK | |
r-release-linux-x86_64 | OK | |||||
r-release-macos-arm64 | 1.0-3 | 43.00 | OK | |||
r-release-macos-x86_64 | 1.0-3 | 70.00 | OK | |||
r-release-windows-x86_64 | 1.0-3 | 4.00 | 76.00 | 80.00 | OK | |
r-oldrel-macos-arm64 | 1.0-3 | 36.00 | NOTE | |||
r-oldrel-macos-x86_64 | 1.0-3 | 56.00 | NOTE | |||
r-oldrel-windows-x86_64 | 1.0-3 | 3.00 | 100.00 | 103.00 | NOTE |
Version: 1.0-3
Check: CRAN incoming feasibility
Result: NOTE
Maintainer: ‘Bert Gunter <bgunter@comcast.net>’
Found the following \keyword or \concept entries
which likely give several index terms:
File ‘strucplot.Rd’:
\concept{
structured plots,structured trellis plot [TRUNCATED]
Flavors: r-devel-linux-x86_64-debian-clang, r-devel-linux-x86_64-debian-gcc
Version: 1.0-3
Check: LazyData
Result: NOTE
'LazyData' is specified without a 'data' directory
Flavors: r-oldrel-macos-arm64, r-oldrel-macos-x86_64, r-oldrel-windows-x86_64