Last updated on 2024-06-16 11:58:08 CEST.
Flavor | Version | Tinstall | Tcheck | Ttotal | Status | Flags |
---|---|---|---|---|---|---|
r-devel-linux-x86_64-debian-clang | 1.2 | 2.55 | 25.52 | 28.07 | NOTE | |
r-devel-linux-x86_64-debian-gcc | 1.2 | 2.01 | 20.49 | 22.50 | NOTE | |
r-devel-linux-x86_64-fedora-clang | 1.2 | 36.65 | NOTE | |||
r-devel-linux-x86_64-fedora-gcc | 1.2 | 34.09 | NOTE | |||
r-devel-windows-x86_64 | 1.2 | 3.00 | 42.00 | 45.00 | NOTE | |
r-patched-linux-x86_64 | 1.2 | 2.21 | 25.60 | 27.81 | NOTE | |
r-release-linux-x86_64 | 1.2 | 1.95 | 25.22 | 27.17 | NOTE | |
r-release-macos-arm64 | 1.2 | 15.00 | NOTE | |||
r-release-macos-x86_64 | 1.2 | 22.00 | NOTE | |||
r-release-windows-x86_64 | 1.2 | 2.00 | 41.00 | 43.00 | NOTE | |
r-oldrel-macos-arm64 | 1.2 | 18.00 | OK | |||
r-oldrel-macos-x86_64 | 1.2 | 23.00 | OK | |||
r-oldrel-windows-x86_64 | 1.2 | 5.00 | 44.00 | 49.00 | OK |
Version: 1.2
Check: Rd files
Result: NOTE
checkRd: (-1) subdetect-package.Rd:11: Lost braces in \itemize; meant \describe ?
checkRd: (-1) subdetect-package.Rd:12: Lost braces in \itemize; meant \describe ?
Flavors: r-devel-linux-x86_64-debian-clang, r-devel-linux-x86_64-debian-gcc, r-devel-linux-x86_64-fedora-clang, r-devel-linux-x86_64-fedora-gcc, r-devel-windows-x86_64, r-patched-linux-x86_64, r-release-linux-x86_64, r-release-macos-arm64, r-release-macos-x86_64, r-release-windows-x86_64