Last updated on 2024-06-17 06:50:33 CEST.
Flavor | Version | Tinstall | Tcheck | Ttotal | Status | Flags |
---|---|---|---|---|---|---|
r-devel-linux-x86_64-debian-clang | 3.0.7 | 8.54 | 89.31 | 97.85 | OK | |
r-devel-linux-x86_64-debian-gcc | 3.0.7 | 8.50 | 66.90 | 75.40 | OK | |
r-devel-linux-x86_64-fedora-clang | 3.0.7 | 124.29 | NOTE | |||
r-devel-linux-x86_64-fedora-gcc | 3.0.7 | 128.76 | NOTE | |||
r-devel-windows-x86_64 | 3.0.7 | 9.00 | 80.00 | 89.00 | OK | |
r-patched-linux-x86_64 | 3.0.7 | 8.32 | 85.39 | 93.71 | OK | |
r-release-linux-x86_64 | 3.0.7 | 6.24 | 86.10 | 92.34 | OK | |
r-release-macos-arm64 | 3.0.7 | 42.00 | OK | |||
r-release-macos-x86_64 | 3.0.7 | 66.00 | OK | |||
r-release-windows-x86_64 | 3.0.7 | 11.00 | 84.00 | 95.00 | OK | |
r-oldrel-macos-arm64 | 3.0.7 | 46.00 | OK | |||
r-oldrel-macos-x86_64 | 3.0.7 | 74.00 | OK | |||
r-oldrel-windows-x86_64 | 3.0.7 | 13.00 | 96.00 | 109.00 | OK |
Version: 3.0.7
Check: dependencies in R code
Result: NOTE
Namespaces in Imports field not imported from:
‘DT’ ‘bsplus’ ‘colourpicker’ ‘grDevices’ ‘graphics’ ‘jsonlite’
‘purrr’ ‘shinyjs’
All declared Imports should be used.
Flavors: r-devel-linux-x86_64-fedora-clang, r-devel-linux-x86_64-fedora-gcc