Last updated on 2025-05-03 12:54:56 CEST.
Flavor | Version | Tinstall | Tcheck | Ttotal | Status | Flags |
---|---|---|---|---|---|---|
r-devel-linux-x86_64-debian-clang | 0.2-1 | 2.08 | 175.49 | 177.57 | NOTE | |
r-devel-linux-x86_64-debian-gcc | 0.2-1 | 1.61 | 104.27 | 105.88 | NOTE | |
r-devel-linux-x86_64-fedora-clang | 0.2-1 | 290.38 | OK | |||
r-devel-linux-x86_64-fedora-gcc | 0.2-1 | 301.94 | OK | |||
r-devel-windows-x86_64 | 0.2-1 | 4.00 | 195.00 | 199.00 | OK | |
r-patched-linux-x86_64 | 0.2-1 | 2.22 | 170.25 | 172.47 | OK | |
r-release-linux-x86_64 | OK | |||||
r-release-macos-arm64 | 0.2-1 | 71.00 | OK | |||
r-release-macos-x86_64 | 0.2-1 | 158.00 | OK | |||
r-release-windows-x86_64 | 0.2-1 | 3.00 | 198.00 | 201.00 | OK | |
r-oldrel-macos-arm64 | 0.2-1 | 47.00 | OK | |||
r-oldrel-macos-x86_64 | 0.2-1 | 86.00 | OK | |||
r-oldrel-windows-x86_64 | 0.2-1 | 3.00 | 175.00 | 178.00 | OK |
Version: 0.2-1
Check: CRAN incoming feasibility
Result: NOTE
Maintainer: ‘Bill Venables <Bill.Venables@gmail.com>’
No Authors@R field in DESCRIPTION.
Please add one, modifying
Authors@R: person(given = "Bill",
family = "Venables",
role = c("aut", "cre"),
email = "Bill.Venables@gmail.com")
as necessary.
Flavors: r-devel-linux-x86_64-debian-clang, r-devel-linux-x86_64-debian-gcc