CRAN Package Check Results for Package sumFREGAT

Last updated on 2025-05-03 21:51:34 CEST.

Flavor Version Tinstall Tcheck Ttotal Status Flags
r-devel-linux-x86_64-debian-clang 1.2.5 12.07 74.99 87.06 NOTE
r-devel-linux-x86_64-debian-gcc 1.2.5 8.15 55.33 63.48 NOTE
r-devel-linux-x86_64-fedora-clang 1.2.5 132.13 OK
r-devel-linux-x86_64-fedora-gcc 1.2.5 125.44 OK
r-devel-windows-x86_64 1.2.5 16.00 96.00 112.00 OK
r-patched-linux-x86_64 1.2.5 11.74 71.59 83.33 OK
r-release-linux-x86_64 OK
r-release-macos-arm64 1.2.5 43.00 OK
r-release-macos-x86_64 1.2.5 73.00 OK
r-release-windows-x86_64 1.2.5 16.00 84.00 100.00 OK
r-oldrel-macos-arm64 1.2.5 39.00 OK
r-oldrel-macos-x86_64 1.2.5 61.00 OK
r-oldrel-windows-x86_64 1.2.5 19.00 99.00 118.00 OK

Check Details

Version: 1.2.5
Check: CRAN incoming feasibility
Result: NOTE Maintainer: ‘Nadezhda M. Belonogova <belon@bionet.nsc.ru>’ No Authors@R field in DESCRIPTION. Please add one, modifying Authors@R: c(person(given = c("Nadezhda", "M."), family = "Belonogova", role = c("aut", "cre"), email = "belon@bionet.nsc.ru"), person(given = c("Gulnara", "R.", "Svishcheva", "with", "contributions", "from:", "Seunggeun"), family = "Lee", role = "aut", email = "gulsvi@bionet.nsc.ru", comment = "kernel functions"), person(given = c("Pierre", "Lafaye"), family = "de Micheaux", role = "aut", comment = "'davies' method"), person(given = "Thomas", family = "Lumley", role = "aut", comment = "'kuonen' method"), person(given = "Minghui", family = "Wang", role = "aut"), person(given = "Yiyuan", family = "Liu", role = "aut"), person(given = "Shizhong", family = "Han", role = "aut", comment = "simpleM function"), person(given = "Yaowu", family = "Liu", role = "aut", comment = "ACAT function"), person(given = c("James", "O."), family = "Ramsay", role = "aut", comment = "functional data analysis functions"), person(given = "Xihao", family = "Li", role = "aut"), person(given = "Zilin", family = "Li", role = "aut"), person(given = "Han", family = "Chen", role = "aut", comment = "conception of the STAAR procedure")) as necessary. Flavors: r-devel-linux-x86_64-debian-clang, r-devel-linux-x86_64-debian-gcc