Last updated on 2025-05-03 21:51:34 CEST.
Flavor | Version | Tinstall | Tcheck | Ttotal | Status | Flags |
---|---|---|---|---|---|---|
r-devel-linux-x86_64-debian-clang | 0.1.6.2 | 97.23 | 35.57 | 132.80 | WARN | |
r-devel-linux-x86_64-debian-gcc | 0.1.6.2 | 85.67 | 28.41 | 114.08 | WARN | |
r-devel-linux-x86_64-fedora-clang | 0.1.6.2 | 256.17 | WARN | |||
r-devel-linux-x86_64-fedora-gcc | 0.1.6.2 | 317.58 | WARN | |||
r-devel-windows-x86_64 | 0.1.6.2 | 289.00 | 79.00 | 368.00 | WARN | |
r-patched-linux-x86_64 | 0.1.6.2 | 109.97 | 34.69 | 144.66 | WARN | |
r-release-linux-x86_64 | WARN | |||||
r-release-macos-arm64 | 0.1.6.2 | 100.00 | WARN | |||
r-release-macos-x86_64 | 0.1.6.2 | 176.00 | WARN | |||
r-release-windows-x86_64 | 0.1.6.2 | 272.00 | 78.00 | 350.00 | WARN | |
r-oldrel-macos-arm64 | 0.1.6.2 | 79.00 | NOTE | |||
r-oldrel-macos-x86_64 | 0.1.6.2 | 216.00 | NOTE | |||
r-oldrel-windows-x86_64 | 0.1.6.2 | 306.00 | 94.00 | 400.00 | NOTE |
Version: 0.1.6.2
Check: compiled code
Result: WARN
File ‘sundialr/libs/sundialr.so’:
Found ‘abort’, possibly from ‘abort’ (C)
Object: ‘../inst/lib/libsundials_core.a’
Found ‘puts’, possibly from ‘printf’ (C), ‘puts’ (C)
Object: ‘../inst/lib/libsundials_core.a’
Found ‘stderr’, possibly from ‘stderr’ (C)
Object: ‘../inst/lib/libsundials_core.a’
Found ‘stdout’, possibly from ‘stdout’ (C)
Objects: ‘../inst/lib/libsundials_core.a’,
‘../inst/lib/libsundials_cvodes.a’,
‘../inst/lib/libsundials_idas.a’,
‘../inst/lib/libsundials_nvecserial.a’
Compiled code should not call entry points which might terminate R nor
write to stdout/stderr instead of to the console, nor use Fortran I/O
nor system RNGs nor [v]sprintf.
See ‘Writing portable packages’ in the ‘Writing R Extensions’ manual.
Flavors: r-devel-linux-x86_64-debian-clang, r-devel-linux-x86_64-debian-gcc, r-devel-linux-x86_64-fedora-gcc, r-patched-linux-x86_64, r-release-linux-x86_64
Version: 0.1.6.2
Check: compiled code
Result: WARN
File ‘sundialr/libs/sundialr.so’:
Found ‘__printf_chk’, possibly from ‘printf’ (C)
Object: ‘../inst/lib/libsundials_core.a’
Found ‘__sprintf_chk’, possibly from ‘sprintf’ (C)
Objects: ‘../inst/lib/libsundials_cvodes.a’,
‘../inst/lib/libsundials_idas.a’
Found ‘abort’, possibly from ‘abort’ (C)
Object: ‘../inst/lib/libsundials_core.a’
Found ‘stderr’, possibly from ‘stderr’ (C)
Object: ‘../inst/lib/libsundials_core.a’
Found ‘stdout’, possibly from ‘stdout’ (C)
Objects: ‘../inst/lib/libsundials_core.a’,
‘../inst/lib/libsundials_cvodes.a’,
‘../inst/lib/libsundials_idas.a’,
‘../inst/lib/libsundials_nvecserial.a’
Compiled code should not call entry points which might terminate R nor
write to stdout/stderr instead of to the console, nor use Fortran I/O
nor system RNGs nor [v]sprintf.
See ‘Writing portable packages’ in the ‘Writing R Extensions’ manual.
Flavor: r-devel-linux-x86_64-fedora-clang
Version: 0.1.6.2
Check: compiled code
Result: WARN
File 'sundialr/libs/x64/sundialr.dll':
Found 'abort', possibly from 'abort' (C), 'runtime' (Fortran)
Object: '../inst/lib/libsundials_core.a'
Found 'puts', possibly from 'printf' (C), 'puts' (C)
Object: '../inst/lib/libsundials_core.a'
Compiled code should not call entry points which might terminate R nor
write to stdout/stderr instead of to the console, nor use Fortran I/O
nor system RNGs nor [v]sprintf.
See 'Writing portable packages' in the 'Writing R Extensions' manual.
Flavors: r-devel-windows-x86_64, r-release-windows-x86_64
Version: 0.1.6.2
Check: compiled code
Result: WARN
File ‘sundialr/libs/sundialr.so’:
Found ‘___sprintf_chk’, possibly from ‘sprintf’ (C)
Objects: ‘../inst/lib/libsundials_cvodes.a’,
‘../inst/lib/libsundials_idas.a’
Found ‘___stderrp’, possibly from ‘stderr’ (C)
Object: ‘../inst/lib/libsundials_core.a’
Found ‘___stdoutp’, possibly from ‘stdout’ (C)
Objects: ‘../inst/lib/libsundials_core.a’,
‘../inst/lib/libsundials_cvodes.a’,
‘../inst/lib/libsundials_idas.a’,
‘../inst/lib/libsundials_nvecserial.a’
Found ‘_abort’, possibly from ‘abort’ (C)
Object: ‘../inst/lib/libsundials_core.a’
Found ‘_puts’, possibly from ‘printf’ (C), ‘puts’ (C)
Object: ‘../inst/lib/libsundials_core.a’
Compiled code should not call entry points which might terminate R nor
write to stdout/stderr instead of to the console, nor use Fortran I/O
nor system RNGs nor [v]sprintf.
See ‘Writing portable packages’ in the ‘Writing R Extensions’ manual.
Flavors: r-release-macos-arm64, r-release-macos-x86_64
Version: 0.1.6.2
Check: installed package size
Result: NOTE
installed size is 14.9Mb
sub-directories of 1Mb or more:
lib 9.9Mb
libs 3.9Mb
Flavors: r-oldrel-macos-arm64, r-oldrel-macos-x86_64, r-oldrel-windows-x86_64