Last updated on 2025-05-03 12:54:56 CEST.
Flavor | Version | Tinstall | Tcheck | Ttotal | Status | Flags |
---|---|---|---|---|---|---|
r-devel-linux-x86_64-debian-clang | 1.0-5 | 12.51 | 97.15 | 109.66 | NOTE | |
r-devel-linux-x86_64-debian-gcc | 1.0-5 | 8.09 | 69.34 | 77.43 | NOTE | |
r-devel-linux-x86_64-fedora-clang | 1.0-5 | 155.36 | OK | |||
r-devel-linux-x86_64-fedora-gcc | 1.0-5 | 156.45 | OK | |||
r-devel-windows-x86_64 | 1.0-5 | 12.00 | 97.00 | 109.00 | OK | |
r-patched-linux-x86_64 | 1.0-5 | 11.80 | 89.61 | 101.41 | OK | |
r-release-linux-x86_64 | OK | |||||
r-release-macos-arm64 | 1.0-5 | 43.00 | OK | |||
r-release-macos-x86_64 | 1.0-5 | 87.00 | OK | |||
r-release-windows-x86_64 | 1.0-5 | 12.00 | 98.00 | 110.00 | OK | |
r-oldrel-macos-arm64 | 1.0-5 | 41.00 | NOTE | |||
r-oldrel-macos-x86_64 | 1.0-5 | 69.00 | NOTE | |||
r-oldrel-windows-x86_64 | 1.0-5 | 15.00 | 124.00 | 139.00 | NOTE |
Version: 1.0-5
Check: CRAN incoming feasibility
Result: NOTE
Maintainer: ‘Miki Horiguchi <horiguchimiki@gmail.com>’
No Authors@R field in DESCRIPTION.
Please add one, modifying
Authors@R: c(person(given = "Lu",
family = "Tian",
role = "aut"),
person(given = "Hajime",
family = "Uno",
role = "aut"),
person(given = "Miki",
family = "Horiguchi",
role = c("aut", "cre"),
email = "horiguchimiki@gmail.com"))
as necessary.
Flavors: r-devel-linux-x86_64-debian-clang, r-devel-linux-x86_64-debian-gcc
Version: 1.0-5
Check: LazyData
Result: NOTE
'LazyData' is specified without a 'data' directory
Flavors: r-oldrel-macos-arm64, r-oldrel-macos-x86_64, r-oldrel-windows-x86_64